CRAN Package Check Results for Package robumeta

Last updated on 2019-04-20 05:49:40 CEST.

Flavor Version Tinstall Tcheck Ttotal Status Flags
r-devel-linux-x86_64-debian-clang 2.0 2.68 26.12 28.80 OK
r-devel-linux-x86_64-debian-gcc 2.0 2.90 24.58 27.48 OK
r-devel-linux-x86_64-fedora-clang 2.0 35.22 NOTE
r-devel-linux-x86_64-fedora-gcc 2.0 34.17 NOTE
r-devel-windows-ix86+x86_64 2.0 11.00 56.00 67.00 OK
r-patched-linux-x86_64 2.0 2.61 26.51 29.12 OK
r-patched-solaris-x86 2.0 49.60 NOTE
r-release-linux-x86_64 2.0 2.19 25.14 27.33 OK
r-release-windows-ix86+x86_64 2.0 7.00 49.00 56.00 OK
r-release-osx-x86_64 2.0 NOTE
r-oldrel-windows-ix86+x86_64 2.0 5.00 55.00 60.00 OK
r-oldrel-osx-x86_64 2.0 NOTE

Check Details

Version: 2.0
Check: data for non-ASCII characters
Result: NOTE
     Note: found 6 marked UTF-8 strings
Flavors: r-devel-linux-x86_64-fedora-clang, r-devel-linux-x86_64-fedora-gcc, r-patched-solaris-x86, r-release-osx-x86_64, r-oldrel-osx-x86_64