CRAN Package Check Results for Package robustlmm

Last updated on 2022-08-11 11:51:09 CEST.

Flavor Version Tinstall Tcheck Ttotal Status Flags
r-devel-linux-x86_64-debian-clang 3.0-1 244.15 807.47 1051.62 NOTE
r-devel-linux-x86_64-debian-gcc 3.0-1 204.86 598.14 803.00 NOTE
r-devel-linux-x86_64-fedora-clang 3.0-1 1322.36 NOTE
r-devel-linux-x86_64-fedora-gcc 3.0-1 1340.71 NOTE
r-devel-windows-x86_64 3.0-1 422.00 905.00 1327.00 NOTE
r-patched-linux-x86_64 3.0-1 229.13 758.46 987.59 NOTE
r-release-linux-x86_64 2.5-1 OK
r-release-macos-arm64 2.5-1 205.00 NOTE
r-release-macos-x86_64 3.0-1 584.00 NOTE
r-release-windows-x86_64 3.0-1 219.00 549.00 768.00 NOTE
r-oldrel-macos-arm64 2.5-1 169.00 NOTE
r-oldrel-macos-x86_64 3.0-1 554.00 NOTE
r-oldrel-windows-ix86+x86_64 3.0-1 380.00 790.00 1170.00 NOTE

Check Details

Version: 3.0-1
Check: package dependencies
Result: NOTE
    Packages suggested but not available for checking: 'heavy', 'robustvarComp'
Flavors: r-devel-linux-x86_64-debian-clang, r-devel-linux-x86_64-debian-gcc, r-devel-linux-x86_64-fedora-clang, r-devel-linux-x86_64-fedora-gcc, r-patched-linux-x86_64

Version: 3.0-1
Check: Rd cross-references
Result: NOTE
    Unknown packages 'heavy', 'robustvarComp' in Rd xrefs
Flavors: r-devel-linux-x86_64-debian-clang, r-devel-linux-x86_64-debian-gcc, r-devel-linux-x86_64-fedora-clang, r-devel-linux-x86_64-fedora-gcc, r-patched-linux-x86_64

Version: 3.0-1
Check: installed package size
Result: NOTE
     installed size is 6.3Mb
     sub-directories of 1Mb or more:
     doc 1.7Mb
     libs 2.1Mb
     simulationStudy 1.5Mb
Flavors: r-devel-linux-x86_64-fedora-clang, r-devel-windows-x86_64, r-release-macos-x86_64, r-release-windows-x86_64, r-oldrel-macos-x86_64, r-oldrel-windows-ix86+x86_64

Version: 3.0-1
Check: package dependencies
Result: NOTE
    Package suggested but not available for checking: 'robustvarComp'
Flavors: r-devel-windows-x86_64, r-release-macos-x86_64, r-release-windows-x86_64, r-oldrel-macos-x86_64, r-oldrel-windows-ix86+x86_64

Version: 3.0-1
Check: Rd cross-references
Result: NOTE
    Unknown package 'robustvarComp' in Rd xrefs
Flavors: r-devel-windows-x86_64, r-release-macos-x86_64, r-release-windows-x86_64, r-oldrel-macos-x86_64, r-oldrel-windows-ix86+x86_64

Version: 2.5-1
Check: installed package size
Result: NOTE
     installed size is 33.0Mb
     sub-directories of 1Mb or more:
     libs 31.8Mb
Flavors: r-release-macos-arm64, r-oldrel-macos-arm64