CRAN Package Check Results for Package robustreg

Last updated on 2019-05-19 22:51:52 CEST.

Flavor Version Tinstall Tcheck Ttotal Status Flags
r-devel-linux-x86_64-debian-clang 0.1-11 43.72 52.16 95.88 OK
r-devel-linux-x86_64-debian-gcc 0.1-11 33.39 41.71 75.10 OK
r-devel-linux-x86_64-fedora-clang 0.1-11 140.13 OK
r-devel-linux-x86_64-fedora-gcc 0.1-11 129.45 OK
r-devel-windows-ix86+x86_64 0.1-11 103.00 126.00 229.00 OK
r-patched-linux-x86_64 0.1-11 40.97 51.66 92.63 OK
r-patched-solaris-x86 0.1-11 148.90 OK
r-release-linux-x86_64 0.1-11 35.39 51.79 87.18 OK
r-release-windows-ix86+x86_64 0.1-11 106.00 112.00 218.00 OK
r-release-osx-x86_64 0.1-11 OK
r-oldrel-windows-ix86+x86_64 0.1-10 101.00 79.00 180.00 OK
r-oldrel-osx-x86_64 0.1-11 ERROR

Check Details

Version: 0.1-11
Check: package dependencies
Result: ERROR
    Package required and available but unsuitable version: ‘stats’
    
    See section ‘The DESCRIPTION file’ in the ‘Writing R Extensions’
    manual.
Flavor: r-oldrel-osx-x86_64