CRAN Package Check Results for Package rocTree

Last updated on 2021-06-20 11:51:33 CEST.

Flavor Version Tinstall Tcheck Ttotal Status Flags
r-devel-linux-x86_64-debian-clang 1.1.1 166.02 104.68 270.70 OK
r-devel-linux-x86_64-debian-gcc 1.1.1 109.46 76.96 186.42 OK
r-devel-linux-x86_64-fedora-clang 1.1.1 364.33 NOTE
r-devel-linux-x86_64-fedora-gcc 1.1.1 325.13 OK
r-devel-windows-x86_64 1.1.1 192.00 136.00 328.00 OK
r-devel-windows-x86_64-gcc10-UCRT 1.1.1 OK
r-patched-linux-x86_64 1.1.1 127.34 100.33 227.67 OK
r-patched-solaris-x86 1.1.1 343.00 OK
r-release-linux-x86_64 1.1.1 128.07 97.61 225.68 OK
r-release-macos-arm64 1.1.1 NOTE
r-release-macos-x86_64 1.1.1 NOTE
r-release-windows-ix86+x86_64 1.1.1 366.00 173.00 539.00 OK
r-oldrel-macos-x86_64 1.1.1 NOTE
r-oldrel-windows-ix86+x86_64 1.1.1 267.00 179.00 446.00 OK

Check Details

Version: 1.1.1
Check: installed package size
Result: NOTE
     installed size is 6.6Mb
     sub-directories of 1Mb or more:
     libs 6.4Mb
Flavors: r-devel-linux-x86_64-fedora-clang, r-release-macos-arm64, r-release-macos-x86_64, r-oldrel-macos-x86_64