Last updated on 2023-09-21 11:56:06 CEST.
Flavor | Version | Tinstall | Tcheck | Ttotal | Status | Flags |
---|---|---|---|---|---|---|
r-devel-linux-x86_64-debian-clang | 0.6.7 | 10.93 | 187.55 | 198.48 | OK | |
r-devel-linux-x86_64-debian-gcc | 0.6.7 | 9.82 | 140.40 | 150.22 | OK | |
r-devel-linux-x86_64-fedora-clang | 0.6.7 | 242.06 | OK | |||
r-devel-linux-x86_64-fedora-gcc | 0.6.7 | 248.75 | OK | |||
r-devel-windows-x86_64 | 0.6.7 | 14.00 | 182.00 | 196.00 | OK | |
r-patched-linux-x86_64 | 0.6.7 | 12.25 | 181.62 | 193.87 | OK | |
r-release-linux-x86_64 | 0.6.7 | 7.66 | 185.04 | 192.70 | OK | |
r-release-macos-arm64 | 0.6.7 | 78.00 | OK | |||
r-release-macos-x86_64 | 0.6.7 | 129.00 | NOTE | |||
r-release-windows-x86_64 | 0.6.7 | 16.00 | 212.00 | 228.00 | OK | |
r-oldrel-macos-arm64 | 0.6.7 | 69.00 | OK | |||
r-oldrel-macos-x86_64 | 0.6.7 | 83.00 | OK | |||
r-oldrel-windows-x86_64 | 0.6.7 | 16.00 | 197.00 | 213.00 | OK |
Version: 0.6.7
Check: package dependencies
Result: NOTE
Package suggested but not available for checking: ‘XLConnect’
Flavor: r-release-macos-x86_64