CRAN Package Check Results for Package rockchalk

Last updated on 2021-05-13 05:49:52 CEST.

Flavor Version Tinstall Tcheck Ttotal Status Flags
r-devel-linux-x86_64-debian-clang 1.8.144 15.12 211.27 226.39 OK
r-devel-linux-x86_64-debian-gcc 1.8.144 11.85 163.39 175.24 OK
r-devel-linux-x86_64-fedora-clang 1.8.144 299.92 NOTE
r-devel-linux-x86_64-fedora-gcc 1.8.144 262.38 OK
r-devel-windows-ix86+x86_64 1.8.144 32.00 192.00 224.00 OK
r-devel-windows-x86_64-gcc10-UCRT 1.8.144 OK
r-patched-linux-x86_64 1.8.144 15.88 205.11 220.99 OK
r-patched-solaris-x86 1.8.144 349.90 OK
r-release-linux-x86_64 1.8.144 14.86 200.15 215.01 OK
r-release-macos-x86_64 1.8.144 OK
r-release-windows-ix86+x86_64 1.8.144 18.00 267.00 285.00 OK
r-oldrel-macos-x86_64 1.8.144 OK
r-oldrel-windows-ix86+x86_64 1.8.144 27.00 190.00 217.00 OK

Check Details

Version: 1.8.144
Check: Rd cross-references
Result: NOTE
    Undeclared packages ‘mvtnorm’, ‘scatterplot3d’, ‘HH’ in Rd xrefs
Flavor: r-devel-linux-x86_64-fedora-clang