CRAN Package Check Results for Package roll

Last updated on 2019-03-22 23:53:16 CET.

Flavor Version Tinstall Tcheck Ttotal Status Flags
r-devel-linux-x86_64-debian-clang 1.1.2 37.12 23.17 60.29 NOTE
r-devel-linux-x86_64-debian-gcc 1.1.2 31.69 18.73 50.42 NOTE
r-devel-linux-x86_64-fedora-clang 1.1.2 87.95 NOTE
r-devel-linux-x86_64-fedora-gcc 1.1.2 80.47 NOTE
r-devel-windows-ix86+x86_64 1.1.2 102.00 68.00 170.00 NOTE
r-patched-linux-x86_64 1.1.2 35.42 21.58 57.00 NOTE
r-patched-solaris-x86 1.1.2 86.40 NOTE
r-release-linux-x86_64 1.1.2 34.59 21.83 56.42 NOTE
r-release-windows-ix86+x86_64 1.1.2 82.00 56.00 138.00 NOTE
r-release-osx-x86_64 1.1.2 NOTE
r-oldrel-windows-ix86+x86_64 1.1.2 78.00 66.00 144.00 NOTE
r-oldrel-osx-x86_64 1.1.2 NOTE

Check Details

Version: 1.1.2
Check: for GNU extensions in Makefiles
Result: NOTE
    GNU make is a SystemRequirements.
Flavors: r-devel-linux-x86_64-debian-clang, r-devel-linux-x86_64-debian-gcc, r-devel-linux-x86_64-fedora-clang, r-devel-linux-x86_64-fedora-gcc, r-devel-windows-ix86+x86_64, r-patched-linux-x86_64, r-patched-solaris-x86, r-release-linux-x86_64, r-release-windows-ix86+x86_64, r-release-osx-x86_64, r-oldrel-windows-ix86+x86_64, r-oldrel-osx-x86_64