CRAN Package Check Results for Package roll

Last updated on 2019-05-21 05:49:18 CEST.

Flavor Version Tinstall Tcheck Ttotal Status Flags
r-devel-linux-x86_64-debian-clang 1.1.2 35.56 23.11 58.67 NOTE
r-devel-linux-x86_64-debian-gcc 1.1.2 34.15 18.86 53.01 NOTE
r-devel-linux-x86_64-fedora-clang 1.1.2 94.45 NOTE
r-devel-linux-x86_64-fedora-gcc 1.1.2 79.47 NOTE
r-devel-windows-ix86+x86_64 1.1.2 98.00 82.00 180.00 NOTE
r-patched-linux-x86_64 1.1.2 36.69 22.95 59.64 NOTE
r-patched-solaris-x86 1.1.2 97.80 NOTE
r-release-linux-x86_64 1.1.2 37.83 23.47 61.30 NOTE
r-release-windows-ix86+x86_64 1.1.2 121.00 70.00 191.00 NOTE
r-release-osx-x86_64 1.1.2 NOTE
r-oldrel-windows-ix86+x86_64 1.1.2 84.00 51.00 135.00 NOTE
r-oldrel-osx-x86_64 1.1.2 NOTE

Check Details

Version: 1.1.2
Check: for GNU extensions in Makefiles
Result: NOTE
    GNU make is a SystemRequirements.
Flavors: r-devel-linux-x86_64-debian-clang, r-devel-linux-x86_64-debian-gcc, r-devel-linux-x86_64-fedora-clang, r-devel-linux-x86_64-fedora-gcc, r-devel-windows-ix86+x86_64, r-patched-linux-x86_64, r-patched-solaris-x86, r-release-linux-x86_64, r-release-windows-ix86+x86_64, r-release-osx-x86_64, r-oldrel-windows-ix86+x86_64, r-oldrel-osx-x86_64