CRAN Package Check Results for Package rolr

Last updated on 2022-09-27 11:51:25 CEST.

Flavor Version Tinstall Tcheck Ttotal Status Flags
r-devel-linux-x86_64-debian-clang 1.0.0 2.02 64.32 66.34 NOTE
r-devel-linux-x86_64-debian-gcc 1.0.0 1.56 48.63 50.19 NOTE
r-devel-linux-x86_64-fedora-clang 1.0.0 91.77 NOTE
r-devel-linux-x86_64-fedora-gcc 1.0.0 88.29 NOTE
r-devel-windows-x86_64 1.0.0 6.00 90.00 96.00 NOTE
r-patched-linux-x86_64 1.0.0 2.46 61.73 64.19 NOTE
r-release-linux-x86_64 1.0.0 2.45 61.29 63.74 NOTE
r-release-macos-arm64 1.0.0 25.00 NOTE
r-release-macos-x86_64 1.0.0 35.00 NOTE
r-release-windows-x86_64 1.0.0 6.00 87.00 93.00 NOTE
r-oldrel-macos-arm64 1.0.0 29.00 NOTE
r-oldrel-macos-x86_64 1.0.0 49.00 NOTE
r-oldrel-windows-ix86+x86_64 1.0.0 5.00 90.00 95.00 NOTE

Check Details

Version: 1.0.0
Check: LazyData
Result: NOTE
     'LazyData' is specified without a 'data' directory
Flavors: r-devel-linux-x86_64-debian-clang, r-devel-linux-x86_64-debian-gcc, r-devel-linux-x86_64-fedora-clang, r-devel-linux-x86_64-fedora-gcc, r-devel-windows-x86_64, r-patched-linux-x86_64, r-release-linux-x86_64, r-release-macos-arm64, r-release-macos-x86_64, r-release-windows-x86_64, r-oldrel-macos-arm64, r-oldrel-macos-x86_64, r-oldrel-windows-ix86+x86_64