CRAN Package Check Results for Package rootSolve

Last updated on 2019-05-21 11:51:48 CEST.

Flavor Version Tinstall Tcheck Ttotal Status Flags
r-devel-linux-x86_64-debian-clang 1.7 12.30 46.05 58.35 OK
r-devel-linux-x86_64-debian-gcc 1.7 9.57 36.77 46.34 OK
r-devel-linux-x86_64-fedora-clang 1.7 73.66 NOTE
r-devel-linux-x86_64-fedora-gcc 1.7 64.74 NOTE
r-devel-windows-ix86+x86_64 1.7 49.00 75.00 124.00 OK
r-patched-linux-x86_64 1.7 11.07 45.87 56.94 OK
r-patched-solaris-x86 1.7 103.00 OK
r-release-linux-x86_64 1.7 12.70 45.76 58.46 OK
r-release-windows-ix86+x86_64 1.7 51.00 69.00 120.00 OK
r-release-osx-x86_64 1.7 OK
r-oldrel-windows-ix86+x86_64 1.7 32.00 70.00 102.00 OK
r-oldrel-osx-x86_64 1.7 OK

Additional issues

LTO rchk

Check Details

Version: 1.7
Check: compiled code
Result: NOTE
    File ‘rootSolve/libs/rootSolve.so’:
     Found no calls to: ‘R_registerRoutines’, ‘R_useDynamicSymbols’
    
    It is good practice to register native routines and to disable symbol
    search.
    
    See ‘Writing portable packages’ in the ‘Writing R Extensions’ manual.
Flavors: r-devel-linux-x86_64-fedora-clang, r-devel-linux-x86_64-fedora-gcc