CRAN Package Check Results for Package rootSolve

Last updated on 2019-07-16 05:48:30 CEST.

Flavor Version Tinstall Tcheck Ttotal Status Flags
r-devel-linux-x86_64-debian-clang 1.7 11.51 45.96 57.47 OK
r-devel-linux-x86_64-debian-gcc 1.7 7.95 36.38 44.33 OK
r-devel-linux-x86_64-fedora-clang 1.7 72.68 NOTE
r-devel-linux-x86_64-fedora-gcc 1.7 71.74 NOTE
r-devel-windows-ix86+x86_64 1.7 37.00 74.00 111.00 OK
r-patched-linux-x86_64 1.7 12.11 46.22 58.33 OK
r-patched-solaris-x86 1.7 109.00 OK
r-release-linux-x86_64 1.7 11.80 46.70 58.50 OK
r-release-windows-ix86+x86_64 1.7 33.00 99.00 132.00 OK
r-release-osx-x86_64 1.7 OK
r-oldrel-windows-ix86+x86_64 1.7 32.00 70.00 102.00 OK
r-oldrel-osx-x86_64 1.7 OK

Additional issues

LTO rchk

Check Details

Version: 1.7
Check: compiled code
Result: NOTE
    File ‘rootSolve/libs/rootSolve.so’:
     Found no calls to: ‘R_registerRoutines’, ‘R_useDynamicSymbols’
    
    It is good practice to register native routines and to disable symbol
    search.
    
    See ‘Writing portable packages’ in the ‘Writing R Extensions’ manual.
Flavors: r-devel-linux-x86_64-fedora-clang, r-devel-linux-x86_64-fedora-gcc