CRAN Package Check Results for Package rosetta

Last updated on 2020-12-02 18:50:31 CET.

Flavor Version Tinstall Tcheck Ttotal Status Flags
r-devel-linux-x86_64-debian-clang 0.3.1 14.16 99.33 113.49 OK
r-devel-linux-x86_64-debian-gcc 0.3.1 11.74 75.45 87.19 OK
r-devel-linux-x86_64-fedora-clang 0.3.1 135.61 NOTE
r-devel-linux-x86_64-fedora-gcc 0.3.1 130.45 NOTE
r-devel-windows-ix86+x86_64 0.3.1 27.00 95.00 122.00 OK
r-patched-linux-x86_64 0.3.1 13.94 91.66 105.60 OK
r-patched-solaris-x86 0.3.1 170.10 NOTE
r-release-linux-x86_64 0.3.1 13.03 90.57 103.60 OK
r-release-macos-x86_64 0.3.1 NOTE
r-release-windows-ix86+x86_64 0.3.1 21.00 110.00 131.00 OK
r-oldrel-macos-x86_64 0.3.1 NOTE
r-oldrel-windows-ix86+x86_64 0.3.1 15.00 92.00 107.00 OK

Check Details

Version: 0.3.1
Check: dependencies in R code
Result: NOTE
    Namespaces in Imports field not imported from:
     ‘diptest’ ‘methods’
     All declared Imports should be used.
Flavors: r-devel-linux-x86_64-fedora-clang, r-devel-linux-x86_64-fedora-gcc, r-patched-solaris-x86, r-release-macos-x86_64, r-oldrel-macos-x86_64

Version: 0.3.1
Check: Rd cross-references
Result: NOTE
    Undeclared package ‘userfriendlyscience’ in Rd xrefs
Flavor: r-devel-linux-x86_64-fedora-clang