CRAN Package Check Results for Package rpart.LAD

Last updated on 2021-07-31 23:50:39 CEST.

Flavor Version Tinstall Tcheck Ttotal Status Flags
r-devel-linux-x86_64-debian-clang 0.1.2 26.31 28.70 55.01 NOTE
r-devel-linux-x86_64-debian-gcc 0.1.2 17.05 22.56 39.61 NOTE
r-devel-linux-x86_64-fedora-clang 0.1.2 83.05 NOTE
r-devel-linux-x86_64-fedora-gcc 0.1.2 65.85 NOTE
r-devel-windows-x86_64 0.1.2 26.00 58.00 84.00 NOTE
r-devel-windows-x86_64-gcc10-UCRT 0.1.2 NOTE
r-patched-linux-x86_64 0.1.2 NOTE
r-patched-solaris-x86 0.1.2 79.30 NOTE
r-release-linux-x86_64 0.1.2 19.65 27.44 47.09 NOTE
r-release-macos-arm64 0.1.2 NOTE
r-release-macos-x86_64 0.1.2 NOTE
r-release-windows-ix86+x86_64 0.1.2 60.00 52.00 112.00 NOTE
r-oldrel-macos-x86_64 0.1.2 OK
r-oldrel-windows-ix86+x86_64 0.1.2 46.00 77.00 123.00 OK

Check Details

Version: 0.1.2
Check: LazyData
Result: NOTE
     'LazyData' is specified without a 'data' directory
Flavors: r-devel-linux-x86_64-debian-clang, r-devel-linux-x86_64-debian-gcc, r-devel-linux-x86_64-fedora-clang, r-devel-linux-x86_64-fedora-gcc, r-devel-windows-x86_64, r-devel-windows-x86_64-gcc10-UCRT, r-patched-linux-x86_64, r-patched-solaris-x86, r-release-linux-x86_64, r-release-macos-arm64, r-release-macos-x86_64, r-release-windows-ix86+x86_64