CRAN Package Check Results for Package rpart

Last updated on 2021-12-02 23:51:21 CET.

Flavor Version Tinstall Tcheck Ttotal Status Flags
r-devel-linux-x86_64-debian-clang 4.1-15 10.27 65.80 76.07 OK
r-devel-linux-x86_64-debian-gcc 4.1-15 6.49 51.94 58.43 OK
r-devel-linux-x86_64-fedora-clang 4.1-15 109.66 NOTE
r-devel-linux-x86_64-fedora-gcc 4.1-15 96.86 OK
r-devel-windows-x86_64-new-UL 4.1-15 44.00 142.00 186.00 OK
r-devel-windows-x86_64-new-TK 4.1-15 OK
r-devel-windows-x86_64-old 4.1-15 24.00 75.00 99.00 OK
r-patched-linux-x86_64 4.1-15 9.44 64.08 73.52 OK
r-patched-solaris-x86 4.1-15 OK
r-release-linux-x86_64 4.1-15 7.85 63.92 71.77 OK
r-release-macos-arm64 4.1-15 OK
r-release-macos-x86_64 4.1-15 OK
r-release-windows-ix86+x86_64 4.1-15 44.00 106.00 150.00 OK
r-oldrel-macos-x86_64 4.1-15 OK
r-oldrel-windows-ix86+x86_64 4.1-15 48.00 125.00 173.00 OK

Check Details

Version: 4.1-15
Check: Rd cross-references
Result: NOTE
    Undeclared package ‘tree’ in Rd xrefs
Flavor: r-devel-linux-x86_64-fedora-clang