CRAN Package Check Results for Package rpartScore

Last updated on 2021-07-31 23:50:39 CEST.

Flavor Version Tinstall Tcheck Ttotal Status Flags
r-devel-linux-x86_64-debian-clang 1.0-1 2.40 44.12 46.52 NOTE
r-devel-linux-x86_64-debian-gcc 1.0-1 2.02 31.84 33.86 NOTE
r-devel-linux-x86_64-fedora-clang 1.0-1 62.36 NOTE
r-devel-linux-x86_64-fedora-gcc 1.0-1 52.12 NOTE
r-devel-windows-x86_64 1.0-1 3.00 61.00 64.00 NOTE
r-devel-windows-x86_64-gcc10-UCRT 1.0-1 NOTE
r-patched-linux-x86_64 1.0-1 NOTE
r-patched-solaris-x86 1.0-1 72.60 NOTE
r-release-linux-x86_64 1.0-1 1.97 40.81 42.78 NOTE
r-release-macos-arm64 1.0-1 NOTE
r-release-macos-x86_64 1.0-1 NOTE
r-release-windows-ix86+x86_64 1.0-1 5.00 44.00 49.00 NOTE
r-oldrel-macos-x86_64 1.0-1 NOTE
r-oldrel-windows-ix86+x86_64 1.0-1 4.00 61.00 65.00 NOTE

Check Details

Version: 1.0-1
Check: R code for possible problems
Result: NOTE
    evalMedian: no visible global function definition for 'xtabs'
    evalMode: no visible global function definition for 'xtabs'
    rpartScore: no visible global function definition for 'model.extract'
    rpartScore: no visible global function definition for 'var'
    rpartScore: no visible binding for global variable 'var'
    splitAbs: no visible global function definition for 'xtabs'
    Undefined global functions or variables:
     model.extract var xtabs
    Consider adding
     importFrom("stats", "model.extract", "var", "xtabs")
    to your NAMESPACE file.
Flavors: r-devel-linux-x86_64-debian-clang, r-devel-linux-x86_64-debian-gcc, r-devel-linux-x86_64-fedora-clang, r-devel-linux-x86_64-fedora-gcc, r-devel-windows-x86_64, r-devel-windows-x86_64-gcc10-UCRT, r-patched-linux-x86_64, r-patched-solaris-x86, r-release-linux-x86_64, r-release-macos-arm64, r-release-macos-x86_64, r-release-windows-ix86+x86_64, r-oldrel-macos-x86_64, r-oldrel-windows-ix86+x86_64