Last updated on 2022-06-30 17:49:55 CEST.
Flavor | Version | Tinstall | Tcheck | Ttotal | Status | Flags |
---|---|---|---|---|---|---|
r-devel-linux-x86_64-debian-clang | 1.4.3 | 37.77 | 260.70 | 298.47 | NOTE | |
r-devel-linux-x86_64-debian-gcc | 1.4.3 | 27.02 | 194.05 | 221.07 | NOTE | |
r-devel-linux-x86_64-fedora-clang | 1.4.3 | 348.22 | NOTE | |||
r-devel-linux-x86_64-fedora-gcc | 1.4.3 | 361.64 | NOTE | |||
r-devel-windows-x86_64 | 1.4.3 | 49.00 | 261.00 | 310.00 | NOTE | |
r-patched-linux-x86_64 | 1.4.3 | 30.55 | 252.32 | 282.87 | NOTE | |
r-release-linux-x86_64 | 1.4.3 | 26.48 | 254.19 | 280.67 | NOTE | |
r-release-macos-arm64 | 1.4.3 | 75.00 | NOTE | |||
r-release-macos-x86_64 | 1.4.3 | 107.00 | NOTE | |||
r-release-windows-x86_64 | 1.4.3 | 47.00 | 255.00 | 302.00 | NOTE | |
r-oldrel-macos-arm64 | 1.4.3 | 41.00 | NOTE | |||
r-oldrel-macos-x86_64 | 1.4.3 | 78.00 | NOTE | |||
r-oldrel-windows-ix86+x86_64 | 1.4.3 | 64.00 | 256.00 | 320.00 | NOTE |
Version: 1.4.3
Check: LazyData
Result: NOTE
'LazyData' is specified without a 'data' directory
Flavors: r-devel-linux-x86_64-debian-clang, r-devel-linux-x86_64-debian-gcc, r-devel-linux-x86_64-fedora-clang, r-devel-linux-x86_64-fedora-gcc, r-devel-windows-x86_64, r-patched-linux-x86_64, r-release-linux-x86_64, r-release-macos-arm64, r-release-macos-x86_64, r-release-windows-x86_64, r-oldrel-macos-arm64, r-oldrel-macos-x86_64, r-oldrel-windows-ix86+x86_64