Last updated on 2023-12-02 11:49:39 CET.
Flavor | Version | Tinstall | Tcheck | Ttotal | Status | Flags |
---|---|---|---|---|---|---|
r-devel-linux-x86_64-debian-clang | 0.8.1 | 40.93 | 83.98 | 124.91 | NOTE | |
r-devel-linux-x86_64-debian-gcc | 0.8.1 | 28.03 | 64.42 | 92.45 | NOTE | |
r-devel-linux-x86_64-fedora-clang | 0.8.1 | 168.60 | OK | |||
r-devel-linux-x86_64-fedora-gcc | 0.8.1 | 158.13 | OK | |||
r-devel-windows-x86_64 | 0.8.1 | 33.00 | 96.00 | 129.00 | OK | |
r-patched-linux-x86_64 | 0.8.1 | 27.56 | 83.54 | 111.10 | OK | |
r-release-linux-x86_64 | 0.8.1 | 28.40 | 82.29 | 110.69 | OK | |
r-release-macos-arm64 | 0.8.1 | 53.00 | OK | |||
r-release-macos-x86_64 | 0.8.1 | 112.00 | OK | |||
r-release-windows-x86_64 | 0.8.1 | 42.00 | 117.00 | 159.00 | OK | |
r-oldrel-macos-arm64 | 0.8.1 | 52.00 | OK | |||
r-oldrel-macos-x86_64 | 0.8.1 | 66.00 | OK | |||
r-oldrel-windows-x86_64 | 0.8.1 | 41.00 | 114.00 | 155.00 | OK |
Version: 0.8.1
Check: Rd files
Result: NOTE
checkRd: (-1) rpql.Rd:64: Lost braces in \itemize; meant \describe ?
checkRd: (-1) rpql.Rd:66: Lost braces in \itemize; meant \describe ?
checkRd: (-1) rpql.Rd:68: Lost braces in \itemize; meant \describe ?
checkRd: (-1) rpql.Rd:70: Lost braces in \itemize; meant \describe ?
checkRd: (-1) rpql.Rd:72: Lost braces in \itemize; meant \describe ?
checkRd: (-1) rpql.Rd:74: Lost braces in \itemize; meant \describe ?
Flavors: r-devel-linux-x86_64-debian-clang, r-devel-linux-x86_64-debian-gcc