CRAN Package Check Results for Package rpredictit

Last updated on 2022-10-07 17:52:13 CEST.

Flavor Version Tinstall Tcheck Ttotal Status Flags
r-devel-linux-x86_64-debian-clang 0.1.0 4.28 55.20 59.48 OK
r-devel-linux-x86_64-debian-gcc 0.1.0 3.38 42.20 45.58 OK
r-devel-linux-x86_64-fedora-clang 0.1.0 84.52 NOTE
r-devel-linux-x86_64-fedora-gcc 0.1.0 79.08 OK
r-devel-windows-x86_64 0.1.0 46.00 94.00 140.00 OK
r-patched-linux-x86_64 0.1.0 8.17 51.92 60.09 OK
r-release-linux-x86_64 0.1.0 4.46 51.99 56.45 OK
r-release-macos-arm64 0.1.0 37.00 OK
r-release-macos-x86_64 0.1.0 49.00 OK
r-release-windows-x86_64 0.1.0 14.00 89.00 103.00 OK
r-oldrel-macos-arm64 0.1.0 37.00 OK
r-oldrel-macos-x86_64 0.1.0 48.00 OK
r-oldrel-windows-ix86+x86_64 0.1.0 12.00 83.00 95.00 OK

Check Details

Version: 0.1.0
Check: Rd cross-references
Result: NOTE
    Undeclared package ‘htmlwidgets’ in Rd xrefs
Flavor: r-devel-linux-x86_64-fedora-clang