Last updated on 2023-09-28 05:56:59 CEST.
Flavor | Version | Tinstall | Tcheck | Ttotal | Status | Flags |
---|---|---|---|---|---|---|
r-devel-linux-x86_64-debian-clang | 0.1.0 | 4.49 | 47.80 | 52.29 | OK | |
r-devel-linux-x86_64-debian-gcc | 0.1.0 | 3.65 | 36.21 | 39.86 | OK | |
r-devel-linux-x86_64-fedora-clang | 0.1.0 | 64.71 | NOTE | |||
r-devel-linux-x86_64-fedora-gcc | 0.1.0 | 72.84 | OK | |||
r-devel-windows-x86_64 | 0.1.0 | 6.00 | 60.00 | 66.00 | OK | |
r-patched-linux-x86_64 | 0.1.0 | 12.15 | 45.84 | 57.99 | OK | |
r-release-linux-x86_64 | 0.1.0 | 2.76 | 45.76 | 48.52 | OK | |
r-release-macos-arm64 | 0.1.0 | 33.00 | OK | |||
r-release-macos-x86_64 | 0.1.0 | 45.00 | OK | |||
r-release-windows-x86_64 | 0.1.0 | 7.00 | 63.00 | 70.00 | OK | |
r-oldrel-macos-arm64 | 0.1.0 | 37.00 | OK | |||
r-oldrel-macos-x86_64 | 0.1.0 | 49.00 | OK | |||
r-oldrel-windows-x86_64 | 0.1.0 | 7.00 | 67.00 | 74.00 | OK |
Version: 0.1.0
Check: Rd cross-references
Result: NOTE
Undeclared package ‘htmlwidgets’ in Rd xrefs
Flavor: r-devel-linux-x86_64-fedora-clang