CRAN Package Check Results for Package rprime

Last updated on 2025-04-26 00:52:39 CEST.

Flavor Version Tinstall Tcheck Ttotal Status Flags
r-devel-linux-x86_64-debian-clang 0.1.2 3.30 46.52 49.82 NOTE
r-devel-linux-x86_64-debian-gcc 0.1.2 2.47 35.64 38.11 NOTE
r-devel-linux-x86_64-fedora-clang 0.1.3 82.45 OK
r-devel-linux-x86_64-fedora-gcc 0.1.2 89.83 OK
r-devel-windows-x86_64 0.1.2 5.00 66.00 71.00 NOTE
r-patched-linux-x86_64 0.1.2 3.58 44.66 48.24 NOTE
r-release-linux-x86_64 0.1.2 3.44 44.27 47.71 NOTE
r-release-macos-arm64 0.1.2 40.00 OK
r-release-macos-x86_64 0.1.3 64.00 OK
r-release-windows-x86_64 0.1.2 5.00 68.00 73.00 NOTE
r-oldrel-macos-arm64 0.1.3 33.00 OK
r-oldrel-macos-x86_64 0.1.3 68.00 OK
r-oldrel-windows-x86_64 0.1.2 6.00 74.00 80.00 NOTE

Check Details

Version: 0.1.2
Check: Rd cross-references
Result: NOTE Found the following Rd file(s) with Rd \link{} targets missing package anchors: to_data_frame.Rd: rbind.fill Please provide package anchors for all Rd \link{} targets not in the package itself and the base packages. Flavors: r-devel-linux-x86_64-debian-clang, r-devel-linux-x86_64-debian-gcc, r-devel-windows-x86_64, r-patched-linux-x86_64, r-release-linux-x86_64, r-release-windows-x86_64

Version: 0.1.2
Check: LazyData
Result: NOTE 'LazyData' is specified without a 'data' directory Flavor: r-oldrel-windows-x86_64