Last updated on 2024-04-24 18:52:51 CEST.
Flavor | Version | Tinstall | Tcheck | Ttotal | Status | Flags |
---|---|---|---|---|---|---|
r-devel-linux-x86_64-debian-clang | 1.0.0 | 3.76 | 46.65 | 50.41 | NOTE | |
r-devel-linux-x86_64-debian-gcc | 1.0.0 | 3.39 | 35.14 | 38.53 | NOTE | |
r-devel-linux-x86_64-fedora-clang | 1.0.0 | 65.14 | NOTE | |||
r-devel-linux-x86_64-fedora-gcc | 1.0.0 | 73.77 | NOTE | |||
r-devel-windows-x86_64 | 1.0.0 | 5.00 | 55.00 | 60.00 | NOTE | |
r-patched-linux-x86_64 | 1.0.0 | 4.31 | 44.67 | 48.98 | NOTE | |
r-release-linux-x86_64 | 1.0.0 | 4.81 | 42.64 | 47.45 | OK | |
r-release-macos-arm64 | 1.0.0 | 29.00 | OK | |||
r-release-windows-x86_64 | 1.0.0 | 5.00 | 55.00 | 60.00 | NOTE | |
r-oldrel-macos-arm64 | 1.0.0 | 24.00 | OK | |||
r-oldrel-macos-x86_64 | 1.0.0 | 42.00 | OK | |||
r-oldrel-windows-x86_64 | 1.0.0 | 6.00 | 59.00 | 65.00 | OK |
Version: 1.0.0
Check: Rd files
Result: NOTE
checkRd: (-1) check_node.Rd:11: Lost braces
11 | \item{x}{\\code{list}, the node to check}
| ^
Flavors: r-devel-linux-x86_64-debian-clang, r-devel-linux-x86_64-debian-gcc, r-devel-linux-x86_64-fedora-clang, r-devel-linux-x86_64-fedora-gcc, r-devel-windows-x86_64, r-patched-linux-x86_64, r-release-windows-x86_64