CRAN Package Check Results for Package rptR

Last updated on 2024-07-22 11:56:35 CEST.

Flavor Version Tinstall Tcheck Ttotal Status Flags
r-devel-linux-x86_64-debian-clang 0.9.22 5.90 179.14 185.04 NOTE
r-devel-linux-x86_64-debian-gcc 0.9.22 3.84 136.75 140.59 NOTE
r-devel-linux-x86_64-fedora-clang 0.9.22 231.22 NOTE
r-devel-linux-x86_64-fedora-gcc 0.9.22 240.32 NOTE
r-devel-windows-x86_64 0.9.22 6.00 174.00 180.00 NOTE
r-patched-linux-x86_64 0.9.22 8.74 183.88 192.62 NOTE
r-release-linux-x86_64 0.9.22 4.28 178.21 182.49 NOTE
r-release-macos-arm64 0.9.22 67.00 NOTE
r-release-macos-x86_64 0.9.22 101.00 NOTE
r-release-windows-x86_64 0.9.22 5.00 175.00 180.00 NOTE
r-oldrel-macos-arm64 0.9.22 80.00 OK
r-oldrel-macos-x86_64 0.9.22 115.00 OK
r-oldrel-windows-x86_64 0.9.22 6.00 194.00 200.00 OK

Check Details

Version: 0.9.22
Check: Rd files
Result: NOTE checkRd: (-1) rptBinary.Rd:89: Lost braces 89 | Note that the distribution might not be symmetrical, in which case the emph{se} is less informative.} | ^ Flavors: r-devel-linux-x86_64-debian-clang, r-devel-linux-x86_64-debian-gcc, r-devel-linux-x86_64-fedora-clang, r-devel-linux-x86_64-fedora-gcc, r-devel-windows-x86_64, r-patched-linux-x86_64, r-release-linux-x86_64, r-release-macos-arm64, r-release-macos-x86_64, r-release-windows-x86_64

Version: 0.9.22
Check: Rd cross-references
Result: NOTE Found the following Rd file(s) with Rd \link{} targets missing package anchors: rpt.Rd: lmer rptBinary.Rd: lmer rptGaussian.Rd: lmer rptPoisson.Rd: lmer rptProportion.Rd: lmer Please provide package anchors for all Rd \link{} targets not in the package itself and the base packages. Flavors: r-devel-linux-x86_64-debian-gcc, r-devel-windows-x86_64

Version: 0.9.22
Check: dependencies in R code
Result: NOTE Namespace in Imports field not imported from: ‘methods’ All declared Imports should be used. Flavors: r-devel-linux-x86_64-fedora-clang, r-devel-linux-x86_64-fedora-gcc