CRAN Package Check Results for Package rredis

Last updated on 2021-01-16 05:47:18 CET.

Flavor Version Tinstall Tcheck Ttotal Status Flags
r-devel-linux-x86_64-debian-clang 1.7.0 4.65 39.07 43.72 OK
r-devel-linux-x86_64-debian-gcc 1.7.0 3.55 31.71 35.26 OK
r-devel-linux-x86_64-fedora-clang 1.7.0 63.21 NOTE
r-devel-linux-x86_64-fedora-gcc 1.7.0 53.70 NOTE
r-devel-windows-ix86+x86_64 1.7.0 10.00 64.00 74.00 OK
r-patched-linux-x86_64 1.7.0 4.62 37.66 42.28 OK
r-patched-solaris-x86 1.7.0 70.80 OK
r-release-linux-x86_64 1.7.0 4.30 38.18 42.48 OK
r-release-macos-x86_64 1.7.0 OK
r-release-windows-ix86+x86_64 1.7.0 10.00 56.00 66.00 OK
r-oldrel-macos-x86_64 1.7.0 OK
r-oldrel-windows-ix86+x86_64 1.7.0 7.00 54.00 61.00 OK

Check Details

Version: 1.7.0
Check: compiled code
Result: NOTE
    File ‘rredis/libs/rredis.so’:
     Found no calls to: ‘R_registerRoutines’, ‘R_useDynamicSymbols’
    
    It is good practice to register native routines and to disable symbol
    search.
    
    See ‘Writing portable packages’ in the ‘Writing R Extensions’ manual.
Flavors: r-devel-linux-x86_64-fedora-clang, r-devel-linux-x86_64-fedora-gcc