Last updated on 2024-05-11 05:54:48 CEST.
Flavor | Version | Tinstall | Tcheck | Ttotal | Status | Flags |
---|---|---|---|---|---|---|
r-devel-linux-x86_64-debian-clang | 2.1.0 | 2.93 | 31.49 | 34.42 | NOTE | |
r-devel-linux-x86_64-debian-gcc | 2.1.0 | 2.01 | 23.91 | 25.92 | NOTE | |
r-devel-linux-x86_64-fedora-clang | 2.1.0 | 43.81 | NOTE | |||
r-devel-linux-x86_64-fedora-gcc | 2.1.0 | 59.55 | NOTE | |||
r-devel-windows-x86_64 | 2.1.0 | 4.00 | 49.00 | 53.00 | NOTE | |
r-patched-linux-x86_64 | 2.1.0 | 2.82 | 30.14 | 32.96 | NOTE | |
r-release-linux-x86_64 | 2.1.0 | 1.61 | 29.74 | 31.35 | NOTE | |
r-release-macos-arm64 | 2.1.0 | 29.00 | NOTE | |||
r-release-windows-x86_64 | 2.1.0 | 4.00 | 47.00 | 51.00 | NOTE | |
r-oldrel-macos-arm64 | 2.1.0 | 25.00 | OK | |||
r-oldrel-macos-x86_64 | 2.1.0 | 35.00 | OK | |||
r-oldrel-windows-x86_64 | 2.1.0 | 5.00 | 48.00 | 53.00 | OK |
Version: 2.1.0
Check: Rd files
Result: NOTE
checkRd: (-1) lateformeeting.Rd:10: Lost braces in \itemize; meant \describe ?
checkRd: (-1) lateformeeting.Rd:11: Lost braces in \itemize; meant \describe ?
checkRd: (-1) lateformeeting.Rd:12: Lost braces in \itemize; meant \describe ?
checkRd: (-1) lateformeeting.Rd:13: Lost braces in \itemize; meant \describe ?
checkRd: (-1) lfm_clean.Rd:10: Lost braces in \itemize; meant \describe ?
checkRd: (-1) lfm_clean.Rd:11: Lost braces in \itemize; meant \describe ?
checkRd: (-1) lfm_clean.Rd:12: Lost braces in \itemize; meant \describe ?
checkRd: (-1) lfm_clean.Rd:13: Lost braces in \itemize; meant \describe ?
Flavors: r-devel-linux-x86_64-debian-clang, r-devel-linux-x86_64-debian-gcc, r-devel-linux-x86_64-fedora-clang, r-devel-linux-x86_64-fedora-gcc, r-devel-windows-x86_64, r-patched-linux-x86_64, r-release-linux-x86_64, r-release-macos-arm64, r-release-windows-x86_64