Last updated on 2023-05-28 12:02:01 CEST.
Flavor | Version | Tinstall | Tcheck | Ttotal | Status | Flags |
---|---|---|---|---|---|---|
r-devel-linux-x86_64-debian-clang | 3.2.21 | 20.57 | 81.50 | 102.07 | OK | |
r-devel-linux-x86_64-debian-gcc | 3.2.21 | 15.42 | 61.28 | 76.70 | OK | |
r-devel-linux-x86_64-fedora-clang | 3.2.21 | 66.41 | OK | |||
r-devel-linux-x86_64-fedora-gcc | 3.2.21 | 74.76 | OK | |||
r-devel-windows-x86_64 | 3.2.21 | 17.00 | 189.00 | 206.00 | NOTE | |
r-patched-linux-x86_64 | 3.2.21 | 21.38 | 77.56 | 98.94 | OK | |
r-release-linux-x86_64 | 3.2.21 | 21.05 | 80.12 | 101.17 | OK | |
r-release-macos-arm64 | 3.2.21 | 104.00 | NOTE | |||
r-release-macos-x86_64 | 3.2.21 | 154.00 | NOTE | |||
r-release-windows-x86_64 | 3.2.21 | 15.00 | 209.00 | 224.00 | NOTE | |
r-oldrel-macos-arm64 | 3.2.21 | 108.00 | NOTE | |||
r-oldrel-macos-x86_64 | 3.2.21 | 111.00 | NOTE | |||
r-oldrel-windows-x86_64 | 3.2.21 | 21.00 | 206.00 | 227.00 | NOTE |
Version: 3.2.21
Check: installed package size
Result: NOTE
installed size is 25.4Mb
sub-directories of 1Mb or more:
dependencies 24.2Mb
Flavors: r-devel-windows-x86_64, r-release-macos-arm64, r-release-macos-x86_64, r-release-windows-x86_64, r-oldrel-macos-arm64, r-oldrel-macos-x86_64, r-oldrel-windows-x86_64