CRAN Package Check Results for Package rsdmx

Last updated on 2024-06-18 05:57:46 CEST.

Flavor Version Tinstall Tcheck Ttotal Status Flags
r-devel-linux-x86_64-debian-clang 0.6-3 12.54 134.63 147.17 NOTE
r-devel-linux-x86_64-debian-gcc 0.6-3 9.56 100.29 109.85 NOTE
r-devel-linux-x86_64-fedora-clang 0.6-3 178.75 NOTE
r-devel-linux-x86_64-fedora-gcc 0.6-3 184.92 NOTE
r-devel-windows-x86_64 0.6-3 11.00 112.00 123.00 NOTE
r-patched-linux-x86_64 0.6-3 16.36 127.76 144.12 NOTE
r-release-linux-x86_64 0.6-3 11.69 131.80 143.49 NOTE
r-release-macos-arm64 0.6-3 50.00 NOTE
r-release-macos-x86_64 0.6-3 85.00 NOTE
r-release-windows-x86_64 0.6-3 10.00 113.00 123.00 NOTE
r-oldrel-macos-arm64 0.6-3 56.00 OK
r-oldrel-macos-x86_64 0.6-3 122.00 OK
r-oldrel-windows-x86_64 0.6-3 15.00 139.00 154.00 OK

Additional issues

donttest

Check Details

Version: 0.6-3
Check: Rd files
Result: NOTE checkRd: (-1) SDMXDotStatRequestBuilder.Rd:58: Lost braces; missing escapes or markup? 58 | dataflow' resource (path="GetKeyFamily/{resourceID}") | ^ checkRd: (-1) SDMXDotStatRequestBuilder.Rd:59: Lost braces; missing escapes or markup? 59 | datastructure' resource (path="GetDataStructure/{resourceID}/{agencyID}") | ^ checkRd: (-1) SDMXDotStatRequestBuilder.Rd:59: Lost braces; missing escapes or markup? 59 | datastructure' resource (path="GetDataStructure/{resourceID}/{agencyID}") | ^ checkRd: (-1) SDMXDotStatRequestBuilder.Rd:60: Lost braces; missing escapes or markup? 60 | data' resource (path="GetData/{flowRef}/{key}/{agencyId}") | ^ checkRd: (-1) SDMXDotStatRequestBuilder.Rd:60: Lost braces; missing escapes or markup? 60 | data' resource (path="GetData/{flowRef}/{key}/{agencyId}") | ^ checkRd: (-1) SDMXDotStatRequestBuilder.Rd:60: Lost braces; missing escapes or markup? 60 | data' resource (path="GetData/{flowRef}/{key}/{agencyId}") | ^ checkRd: (-1) setSDMXServiceProviders.Rd:21: Lost braces; missing escapes or markup? 21 | dataflow' resource (path="dataset/{resourceId}/def.sdmx.xml") | ^ checkRd: (-1) setSDMXServiceProviders.Rd:22: Lost braces; missing escapes or markup? 22 | datastructure' resource (path="dataset/{resourceID}.structure.sdmx.xml") | ^ checkRd: (-1) setSDMXServiceProviders.Rd:23: Lost braces; missing escapes or markup? 23 | data' resource (path="dataset/{resourceID}.generic.sdmx.xml") | ^ checkRd: (-1) setSDMXServiceProviders.Rd:25: Lost braces; missing escapes or markup? 25 | datastructure' resource (path="/{resourceID}) | ^ checkRd: (-1) setSDMXServiceProviders.Rd:26: Lost braces; missing escapes or markup? 26 | data' resource (path="getdata?dataflow={flowRef}&key={key}) | ^ checkRd: (-1) setSDMXServiceProviders.Rd:26: Lost braces; missing escapes or markup? 26 | data' resource (path="getdata?dataflow={flowRef}&key={key}) | ^ checkRd: (-1) setSDMXServiceProviders.Rd:28: Lost braces; missing escapes or markup? 28 | datastructure' resource (path="/{resourceID}) | ^ checkRd: (-1) setSDMXServiceProviders.Rd:29: Lost braces; missing escapes or markup? 29 | data' resource (path="getdata?dataflow={flowRef}&key={key}) | ^ checkRd: (-1) setSDMXServiceProviders.Rd:29: Lost braces; missing escapes or markup? 29 | data' resource (path="getdata?dataflow={flowRef}&key={key}) | ^ Flavors: r-devel-linux-x86_64-debian-clang, r-devel-linux-x86_64-debian-gcc, r-devel-linux-x86_64-fedora-clang, r-devel-linux-x86_64-fedora-gcc, r-devel-windows-x86_64, r-patched-linux-x86_64, r-release-linux-x86_64, r-release-macos-arm64, r-release-macos-x86_64, r-release-windows-x86_64