Last updated on 2024-04-23 23:56:16 CEST.
Flavor | Version | Tinstall | Tcheck | Ttotal | Status | Flags |
---|---|---|---|---|---|---|
r-devel-linux-x86_64-debian-clang | 3.0.0 | 55.24 | 55.41 | 110.65 | OK | |
r-devel-linux-x86_64-debian-gcc | 3.0.0 | 49.52 | 42.72 | 92.24 | OK | |
r-devel-linux-x86_64-fedora-clang | 3.0.0 | 156.22 | OK | |||
r-devel-linux-x86_64-fedora-gcc | 3.0.0 | 161.92 | OK | |||
r-prerel-macos-arm64 | 3.0.0 | 49.00 | OK | |||
r-prerel-windows-x86_64 | 3.0.0 | 53.00 | 84.00 | 137.00 | OK | |
r-patched-linux-x86_64 | 3.0.0 | 61.48 | 54.28 | 115.76 | OK | |
r-release-linux-x86_64 | 3.0.0 | 58.50 | 51.77 | 110.27 | OK | |
r-release-macos-arm64 | 3.0.0 | 61.00 | OK | |||
r-release-macos-x86_64 | 3.0.0 | 119.00 | OK | |||
r-release-windows-x86_64 | 3.0.0 | 56.00 | 82.00 | 138.00 | OK | |
r-oldrel-macos-arm64 | 3.0.0 | 57.00 | OK | |||
r-oldrel-windows-x86_64 | 3.0.0 | 56.00 | 88.00 | 144.00 | WARN |
Version: 3.0.0
Check: whether package can be installed
Result: WARN
Found the following significant warnings:
Warning: corrupt .drectve at end of def file
Flavor: r-oldrel-windows-x86_64