Last updated on 2024-08-16 11:49:50 CEST.
Flavor | Version | Tinstall | Tcheck | Ttotal | Status | Flags |
---|---|---|---|---|---|---|
r-devel-linux-x86_64-debian-clang | 0.2.1 | 2.90 | 71.68 | 74.58 | OK | |
r-devel-linux-x86_64-debian-gcc | 0.2.1 | 2.58 | 49.74 | 52.32 | OK | |
r-devel-linux-x86_64-fedora-clang | 0.2.1 | 120.09 | NOTE | |||
r-devel-linux-x86_64-fedora-gcc | 0.2.1 | 126.88 | OK | |||
r-devel-windows-x86_64 | 0.2.1 | 6.00 | 81.00 | 87.00 | OK | |
r-patched-linux-x86_64 | 0.2.1 | 4.12 | 68.20 | 72.32 | OK | |
r-release-linux-x86_64 | 0.2.1 | 3.89 | 68.02 | 71.91 | OK | |
r-release-macos-arm64 | 0.2.1 | 46.00 | OK | |||
r-release-macos-x86_64 | 0.2.1 | 104.00 | OK | |||
r-release-windows-x86_64 | 0.2.1 | 8.00 | 82.00 | 90.00 | OK | |
r-oldrel-macos-arm64 | 0.2.1 | 199.00 | OK | |||
r-oldrel-macos-x86_64 | 0.2.1 | 240.00 | OK | |||
r-oldrel-windows-x86_64 | 0.2.1 | 7.00 | 97.00 | 104.00 | OK |
Version: 0.2.1
Check: Rd cross-references
Result: NOTE
Undeclared package ‘future’ in Rd xrefs
Flavor: r-devel-linux-x86_64-fedora-clang