CRAN Package Check Results for Package rsinaica

Last updated on 2024-06-23 05:54:33 CEST.

Flavor Version Tinstall Tcheck Ttotal Status Flags
r-devel-linux-x86_64-debian-clang 1.0.0 6.57 54.57 61.14 OK
r-devel-linux-x86_64-debian-gcc 1.1.0 4.74 41.93 46.67 OK
r-devel-linux-x86_64-fedora-clang 1.1.0 81.41 NOTE
r-devel-linux-x86_64-fedora-gcc 1.1.0 74.47 NOTE
r-devel-windows-x86_64 1.1.0 7.00 61.00 68.00 OK
r-patched-linux-x86_64 1.0.0 6.83 52.71 59.54 OK
r-release-linux-x86_64 1.0.0 6.23 52.86 59.09 OK
r-release-macos-arm64 1.1.0 38.00 OK
r-release-macos-x86_64 1.1.0 69.00 OK
r-release-windows-x86_64 1.0.0 7.00 63.00 70.00 OK
r-oldrel-macos-arm64 1.1.0 36.00 OK
r-oldrel-macos-x86_64 1.1.0 58.00 OK
r-oldrel-windows-x86_64 1.1.0 7.00 68.00 75.00 OK

Check Details

Version: 1.1.0
Check: data for non-ASCII characters
Result: NOTE Note: found 606 marked UTF-8 strings Flavors: r-devel-linux-x86_64-fedora-clang, r-devel-linux-x86_64-fedora-gcc