Last updated on 2023-06-07 12:00:46 CEST.
Flavor | Version | Tinstall | Tcheck | Ttotal | Status | Flags |
---|---|---|---|---|---|---|
r-devel-linux-x86_64-debian-clang | 0.6.1 | 6.32 | 55.77 | 62.09 | OK | |
r-devel-linux-x86_64-debian-gcc | 0.6.1 | 5.16 | 41.95 | 47.11 | OK | |
r-devel-linux-x86_64-fedora-clang | 0.6.1 | 83.75 | NOTE | |||
r-devel-linux-x86_64-fedora-gcc | 0.6.1 | 71.69 | NOTE | |||
r-devel-windows-x86_64 | 0.6.1 | 7.00 | 64.00 | 71.00 | OK | |
r-patched-linux-x86_64 | 0.6.1 | 5.59 | 51.20 | 56.79 | OK | |
r-release-linux-x86_64 | 0.6.1 | 6.87 | 51.21 | 58.08 | OK | |
r-release-macos-arm64 | 0.6.1 | 27.00 | OK | |||
r-release-macos-x86_64 | 0.6.1 | 41.00 | OK | |||
r-release-windows-x86_64 | 0.6.1 | 9.00 | 69.00 | 78.00 | OK | |
r-oldrel-macos-arm64 | 0.6.1 | 28.00 | NOTE | |||
r-oldrel-macos-x86_64 | 0.6.1 | 53.00 | NOTE | |||
r-oldrel-windows-x86_64 | 0.6.1 | 10.00 | 75.00 | 85.00 | OK |
Version: 0.6.1
Check: data for non-ASCII characters
Result: NOTE
Note: found 467 marked UTF-8 strings
Flavors: r-devel-linux-x86_64-fedora-clang, r-devel-linux-x86_64-fedora-gcc, r-oldrel-macos-arm64, r-oldrel-macos-x86_64