Last updated on 2023-03-20 11:53:59 CET.
Flavor | Version | Tinstall | Tcheck | Ttotal | Status | Flags |
---|---|---|---|---|---|---|
r-devel-linux-x86_64-debian-clang | 0.4.4 | NOTE | ||||
r-devel-linux-x86_64-debian-gcc | 0.4.4 | 1.97 | 19.40 | 21.37 | NOTE | |
r-devel-linux-x86_64-fedora-clang | 0.4.4 | 34.74 | NOTE | |||
r-devel-linux-x86_64-fedora-gcc | 0.4.4 | 32.10 | NOTE | |||
r-patched-linux-x86_64 | 0.4.4 | 4.12 | 25.37 | 29.49 | NOTE | |
r-release-linux-x86_64 | 0.4.4 | 2.25 | 25.05 | 27.30 | NOTE | |
r-release-macos-arm64 | 0.4.4 | 14.00 | NOTE | |||
r-release-macos-x86_64 | 0.4.4 | 22.00 | NOTE | |||
r-release-windows-x86_64 | 0.4.4 | 8.00 | 53.00 | 61.00 | NOTE | |
r-oldrel-macos-arm64 | 0.4.4 | 17.00 | NOTE | |||
r-oldrel-macos-x86_64 | 0.4.4 | 27.00 | NOTE | |||
r-oldrel-windows-ix86+x86_64 | 0.4.4 | 6.00 | 50.00 | 56.00 | NOTE |
Version: 0.4.4
Check: LazyData
Result: NOTE
'LazyData' is specified without a 'data' directory
Flavors: r-devel-linux-x86_64-debian-clang, r-devel-linux-x86_64-debian-gcc, r-devel-linux-x86_64-fedora-clang, r-devel-linux-x86_64-fedora-gcc, r-patched-linux-x86_64, r-release-linux-x86_64, r-release-macos-arm64, r-release-macos-x86_64, r-release-windows-x86_64, r-oldrel-macos-arm64, r-oldrel-macos-x86_64, r-oldrel-windows-ix86+x86_64