CRAN Package Check Results for Package rsm

Last updated on 2021-09-16 05:50:28 CEST.

Flavor Version Tinstall Tcheck Ttotal Status Flags
r-devel-linux-x86_64-debian-clang 2.10.2 5.08 104.19 109.27 NOTE
r-devel-linux-x86_64-debian-gcc 2.10.2 4.25 78.61 82.86 NOTE
r-devel-linux-x86_64-fedora-clang 2.10.2 142.99 NOTE
r-devel-linux-x86_64-fedora-gcc 2.10.2 127.82 NOTE
r-devel-windows-x86_64 2.10.2 11.00 138.00 149.00 NOTE
r-devel-windows-x86_64-gcc10-UCRT 2.10.2 NOTE
r-patched-linux-x86_64 2.10.2 5.31 96.57 101.88 NOTE
r-patched-solaris-x86 2.10.2 166.70 NOTE
r-release-linux-x86_64 2.10.2 4.18 96.62 100.80 NOTE
r-release-macos-arm64 2.10.2 NOTE
r-release-macos-x86_64 2.10.2 NOTE
r-release-windows-ix86+x86_64 2.10.2 18.00 101.00 119.00 NOTE
r-oldrel-macos-x86_64 2.10.2 OK
r-oldrel-windows-ix86+x86_64 2.10.2 15.00 131.00 146.00 OK

Check Details

Version: 2.10.2
Check: LazyData
Result: NOTE
     'LazyData' is specified without a 'data' directory
Flavors: r-devel-linux-x86_64-debian-clang, r-devel-linux-x86_64-debian-gcc, r-devel-linux-x86_64-fedora-clang, r-devel-linux-x86_64-fedora-gcc, r-devel-windows-x86_64, r-devel-windows-x86_64-gcc10-UCRT, r-patched-linux-x86_64, r-patched-solaris-x86, r-release-linux-x86_64, r-release-macos-arm64, r-release-macos-x86_64, r-release-windows-ix86+x86_64