Last updated on 2024-04-20 00:04:37 CEST.
Flavor | Version | Tinstall | Tcheck | Ttotal | Status | Flags |
---|---|---|---|---|---|---|
r-devel-linux-x86_64-debian-clang | 0.5.1 | 210.68 | 158.64 | 369.32 | NOTE | |
r-devel-linux-x86_64-debian-gcc | 0.5.1 | NOTE | ||||
r-devel-linux-x86_64-fedora-clang | 0.5.1 | 546.15 | NOTE | |||
r-devel-linux-x86_64-fedora-gcc | 0.5.1 | 542.34 | NOTE | |||
r-prerel-macos-arm64 | 0.5.1 | 111.00 | NOTE | |||
r-prerel-windows-x86_64 | 0.5.1 | 178.00 | 143.00 | 321.00 | NOTE | |
r-patched-linux-x86_64 | 0.5.1 | 216.86 | 153.81 | 370.67 | NOTE | |
r-release-linux-x86_64 | 0.5.1 | 212.44 | 157.11 | 369.55 | NOTE | |
r-release-macos-arm64 | 0.5.1 | 135.00 | NOTE | |||
r-release-macos-x86_64 | 0.5.1 | 229.00 | NOTE | |||
r-release-windows-x86_64 | 0.5.1 | 225.00 | 188.00 | 413.00 | NOTE | |
r-oldrel-macos-arm64 | 0.5.1 | 125.00 | NOTE | |||
r-oldrel-windows-x86_64 | 0.5.1 | 212.00 | 177.00 | 389.00 | OK |
Version: 0.5.1
Check: C++ specification
Result: NOTE
Specified C++11: please drop specification unless essential
Flavors: r-devel-linux-x86_64-debian-clang, r-devel-linux-x86_64-debian-gcc, r-devel-linux-x86_64-fedora-clang, r-devel-linux-x86_64-fedora-gcc, r-prerel-macos-arm64, r-prerel-windows-x86_64, r-patched-linux-x86_64, r-release-linux-x86_64, r-release-macos-arm64, r-release-macos-x86_64, r-release-windows-x86_64
Version: 0.5.1
Check: whether startup messages can be suppressed
Result: NOTE
OMP: Warning #96: Cannot form a team with 24 threads, using 2 instead.
OMP: Hint Consider unsetting KMP_DEVICE_THREAD_LIMIT (KMP_ALL_THREADS), KMP_TEAMS_THREAD_LIMIT, and OMP_THREAD_LIMIT (if any are set).
It looks like this package (or a package it requires) has a startup
message which cannot be suppressed: see ?packageStartupMessage.
Flavor: r-devel-linux-x86_64-fedora-clang
Version: 0.5.1
Check: dependencies in R code
Result: NOTE
Namespace in Imports field not imported from: ‘MatrixExtra’
All declared Imports should be used.
Flavors: r-devel-linux-x86_64-fedora-clang, r-devel-linux-x86_64-fedora-gcc, r-oldrel-macos-arm64
Version: 0.5.1
Check: installed package size
Result: NOTE
installed size is 9.6Mb
sub-directories of 1Mb or more:
libs 8.9Mb
Flavors: r-prerel-macos-arm64, r-release-macos-arm64, r-release-macos-x86_64, r-oldrel-macos-arm64