CRAN Package Check Results for Package rsq

Last updated on 2024-07-22 11:56:36 CEST.

Flavor Version Tinstall Tcheck Ttotal Status Flags
r-devel-linux-x86_64-debian-clang 2.6 10.18 86.77 96.95 OK
r-devel-linux-x86_64-debian-gcc 2.6 7.22 64.35 71.57 NOTE
r-devel-linux-x86_64-fedora-clang 2.6 124.61 OK
r-devel-linux-x86_64-fedora-gcc 2.6 113.12 OK
r-devel-windows-x86_64 2.6 8.00 81.00 89.00 NOTE
r-patched-linux-x86_64 2.6 12.84 83.38 96.22 OK
r-release-linux-x86_64 2.6 10.47 82.46 92.93 OK
r-release-macos-arm64 2.6 37.00 OK
r-release-macos-x86_64 2.6 53.00 OK
r-release-windows-x86_64 2.6 9.00 80.00 89.00 OK
r-oldrel-macos-arm64 2.6 41.00 OK
r-oldrel-macos-x86_64 2.6 86.00 OK
r-oldrel-windows-x86_64 2.6 12.00 96.00 108.00 OK

Check Details

Version: 2.6
Check: Rd cross-references
Result: NOTE Found the following Rd file(s) with Rd \link{} targets missing package anchors: pcor.Rd: glm.nb rsq.Rd: glm.nb, lmer, glmer, glmer.nb, lme4, lme, nlme rsq.glmm.Rd: glmer, glmer.nb, lme4 rsq.kl.Rd: glm.nb rsq.lmm.Rd: lmer, lme4, lme, nlme rsq.lr.Rd: glm.nb rsq.n.Rd: glm.nb rsq.partial.Rd: glm.nb rsq.sse.Rd: glm.nb rsq.v.Rd: glm.nb, glmer, glmer.nb Please provide package anchors for all Rd \link{} targets not in the package itself and the base packages. Flavors: r-devel-linux-x86_64-debian-gcc, r-devel-windows-x86_64