CRAN Package Check Results for Package rstream

Last updated on 2019-06-23 11:48:25 CEST.

Flavor Version Tinstall Tcheck Ttotal Status Flags
r-devel-linux-x86_64-debian-clang 1.3.5 4.42 30.36 34.78 OK
r-devel-linux-x86_64-debian-gcc 1.3.5 3.40 24.77 28.17 WARN
r-devel-linux-x86_64-fedora-clang 1.3.5 44.36 OK
r-devel-linux-x86_64-fedora-gcc 1.3.5 41.94 WARN
r-devel-windows-ix86+x86_64 1.3.5 18.00 59.00 77.00 OK
r-patched-linux-x86_64 1.3.5 4.16 30.09 34.25 WARN
r-patched-solaris-x86 1.3.5 65.90 OK
r-release-linux-x86_64 1.3.5 4.56 30.86 35.42 WARN
r-release-windows-ix86+x86_64 1.3.5 13.00 86.00 99.00 OK
r-release-osx-x86_64 1.3.5 OK
r-oldrel-windows-ix86+x86_64 1.3.5 11.00 57.00 68.00 OK
r-oldrel-osx-x86_64 1.3.5 OK

Check Details

Version: 1.3.5
Check: whether package can be installed
Result: WARN
    Found the following significant warnings:
     RngStreams.c:332:4: warning: ‘strncpy’ specified bound depends on the length of the source argument [-Wstringop-overflow=]
Flavors: r-devel-linux-x86_64-debian-gcc, r-devel-linux-x86_64-fedora-gcc, r-patched-linux-x86_64, r-release-linux-x86_64