CRAN Package Check Results for Package rstream

Last updated on 2019-04-20 23:51:20 CEST.

Flavor Version Tinstall Tcheck Ttotal Status Flags
r-devel-linux-x86_64-debian-clang 1.3.5 4.74 30.74 35.48 OK
r-devel-linux-x86_64-debian-gcc 1.3.5 4.35 28.02 32.37 WARN
r-devel-linux-x86_64-fedora-clang 1.3.5 42.10 OK
r-devel-linux-x86_64-fedora-gcc 1.3.5 42.09 WARN
r-devel-windows-ix86+x86_64 1.3.5 13.00 56.00 69.00 OK
r-patched-linux-x86_64 1.3.5 4.18 30.75 34.93 WARN
r-patched-solaris-x86 1.3.5 64.90 OK
r-release-linux-x86_64 1.3.5 3.20 29.22 32.42 WARN
r-release-windows-ix86+x86_64 1.3.5 11.00 57.00 68.00 OK
r-release-osx-x86_64 1.3.5 OK
r-oldrel-windows-ix86+x86_64 1.3.5 11.00 60.00 71.00 OK
r-oldrel-osx-x86_64 1.3.5 OK

Check Details

Version: 1.3.5
Check: whether package can be installed
Result: WARN
    Found the following significant warnings:
     RngStreams.c:332:4: warning: ‘strncpy’ specified bound depends on the length of the source argument [-Wstringop-overflow=]
Flavors: r-devel-linux-x86_64-debian-gcc, r-devel-linux-x86_64-fedora-gcc, r-patched-linux-x86_64, r-release-linux-x86_64