Last updated on 2023-10-03 01:05:03 CEST.
Flavor | Version | Tinstall | Tcheck | Ttotal | Status | Flags |
---|---|---|---|---|---|---|
r-devel-linux-x86_64-debian-clang | 9.1.16 | 293.91 | 42.23 | 336.14 | NOTE | |
r-devel-linux-x86_64-debian-gcc | 9.1.16 | 247.00 | 32.82 | 279.82 | NOTE | |
r-devel-linux-x86_64-fedora-clang | 9.1.16 | 520.47 | NOTE | |||
r-devel-linux-x86_64-fedora-gcc | 9.1.16 | 510.27 | NOTE | |||
r-devel-windows-x86_64 | 9.1.16 | 760.00 | 87.00 | 847.00 | NOTE | |
r-patched-linux-x86_64 | 9.1.15 | 297.02 | 40.41 | 337.43 | NOTE | |
r-release-linux-x86_64 | 9.1.16 | 304.28 | 40.94 | 345.22 | NOTE | |
r-release-macos-arm64 | 9.1.16 | 198.00 | NOTE | |||
r-release-macos-x86_64 | 9.1.16 | 493.00 | NOTE | |||
r-release-windows-x86_64 | 9.1.16 | 879.00 | 83.00 | 962.00 | NOTE | |
r-oldrel-macos-arm64 | 9.1.16 | 200.00 | NOTE | |||
r-oldrel-macos-x86_64 | 9.1.16 | 261.00 | NOTE | |||
r-oldrel-windows-x86_64 | 9.1.16 | 1044.00 | 82.00 | 1126.00 | NOTE |
Version: 9.1.16
Check: for GNU extensions in Makefiles
Result: NOTE
GNU make is a SystemRequirements.
Flavors: r-devel-linux-x86_64-debian-clang, r-devel-linux-x86_64-debian-gcc, r-devel-linux-x86_64-fedora-clang, r-devel-linux-x86_64-fedora-gcc, r-devel-windows-x86_64, r-release-linux-x86_64, r-release-macos-arm64, r-release-macos-x86_64, r-release-windows-x86_64, r-oldrel-macos-arm64, r-oldrel-macos-x86_64, r-oldrel-windows-x86_64
Version: 9.1.16
Check: installed package size
Result: NOTE
installed size is 17.4Mb
sub-directories of 1Mb or more:
swipl 17.0Mb
Flavors: r-devel-linux-x86_64-fedora-clang, r-devel-windows-x86_64, r-release-macos-arm64, r-release-macos-x86_64, r-release-windows-x86_64, r-oldrel-macos-arm64, r-oldrel-macos-x86_64, r-oldrel-windows-x86_64
Version: 9.1.15
Check: for GNU extensions in Makefiles
Result: NOTE
GNU make is a SystemRequirements.
Flavor: r-patched-linux-x86_64