Last updated on 2021-01-16 11:48:00 CET.
Flavor | Version | Tinstall | Tcheck | Ttotal | Status | Flags |
---|---|---|---|---|---|---|
r-devel-linux-x86_64-debian-clang | 0.1.1 | 6.40 | 65.98 | 72.38 | OK | |
r-devel-linux-x86_64-debian-gcc | 0.1.1 | 5.65 | 48.95 | 54.60 | OK | |
r-devel-linux-x86_64-fedora-clang | 0.1.1 | 93.79 | NOTE | |||
r-devel-linux-x86_64-fedora-gcc | 0.1.1 | 85.20 | OK | |||
r-devel-windows-ix86+x86_64 | 0.1.1 | 10.00 | 72.00 | 82.00 | OK | |
r-patched-linux-x86_64 | 0.1.1 | 5.04 | 61.82 | 66.86 | OK | |
r-patched-solaris-x86 | 0.1.1 | 107.30 | OK | |||
r-release-linux-x86_64 | 0.1.1 | 5.50 | 62.92 | 68.42 | OK | |
r-release-macos-x86_64 | 0.1.1 | OK | ||||
r-release-windows-ix86+x86_64 | 0.1.1 | 10.00 | 71.00 | 81.00 | OK | |
r-oldrel-macos-x86_64 | 0.1.1 | OK | ||||
r-oldrel-windows-ix86+x86_64 | 0.1.1 | 10.00 | 67.00 | 77.00 | OK |
Version: 0.1.1
Check: Rd cross-references
Result: NOTE
Undeclared package ‘spacyr’ in Rd xrefs
Flavor: r-devel-linux-x86_64-fedora-clang