CRAN Package Check Results for Package rtables

Last updated on 2023-03-23 05:50:34 CET.

Flavor Version Tinstall Tcheck Ttotal Status Flags
r-devel-linux-x86_64-debian-clang 0.6.0 32.00 547.70 579.70 OK
r-devel-linux-x86_64-debian-gcc 0.6.0 19.51 406.68 426.19 OK
r-devel-linux-x86_64-fedora-clang 0.6.0 690.61 NOTE
r-devel-linux-x86_64-fedora-gcc 0.6.0 698.15 OK
r-patched-linux-x86_64 0.6.0 28.91 501.86 530.77 OK
r-release-linux-x86_64 0.6.0 28.74 511.71 540.45 OK
r-release-macos-arm64 0.6.0 157.00 NOTE
r-release-macos-x86_64 0.6.0 211.00 NOTE
r-release-windows-x86_64 0.6.0 274.00 828.00 1102.00 NOTE
r-oldrel-macos-arm64 0.6.0 151.00 NOTE
r-oldrel-macos-x86_64 0.6.0 212.00 NOTE
r-oldrel-windows-ix86+x86_64 0.6.0 53.00 605.00 658.00 ERROR

Check Details

Version: 0.6.0
Check: installed package size
Result: NOTE
     installed size is 7.1Mb
     sub-directories of 1Mb or more:
     R 1.3Mb
     bootstrap 1.6Mb
     doc 1.2Mb
     help 2.8Mb
Flavors: r-devel-linux-x86_64-fedora-clang, r-release-macos-arm64, r-release-macos-x86_64, r-release-windows-x86_64, r-oldrel-macos-arm64, r-oldrel-macos-x86_64, r-oldrel-windows-ix86+x86_64

Version: 0.6.0
Check: dependencies in R code
Result: NOTE
    Initiating curl with CURL_SSL_BACKEND: openssl
Flavor: r-oldrel-windows-ix86+x86_64

Version: 0.6.0
Check: tests
Result: ERROR
     Running 'testthat.R' [228s]
    Running the tests in 'tests/testthat.R' failed.
    Complete output:
     > library(testthat)
     > test_check("rtables", reporter = JunitReporter$new(file = "unit_test_results.xml"))
     Loading required package: rtables
     Loading required package: magrittr
    
     Attaching package: 'magrittr'
    
     The following objects are masked from 'package:testthat':
    
     equals, is_less_than, not
    
     Loading required package: formatters
    
     Attaching package: 'dplyr'
    
     The following object is masked from 'package:testthat':
    
     matches
    
     The following objects are masked from 'package:stats':
    
     filter, lag
    
     The following objects are masked from 'package:base':
    
     intersect, setdiff, setequal, union
    
     Initiating curl with CURL_SSL_BACKEND: openssl
     Error: Test failures
     Execution halted
Flavor: r-oldrel-windows-ix86+x86_64