Last updated on 2024-08-31 23:49:14 CEST.
Flavor | Version | Tinstall | Tcheck | Ttotal | Status | Flags |
---|---|---|---|---|---|---|
r-devel-linux-x86_64-debian-clang | 5.0.0 | 7.73 | 166.60 | 174.33 | OK | |
r-devel-linux-x86_64-debian-gcc | 5.0.0 | 5.25 | 113.09 | 118.34 | OK | |
r-devel-linux-x86_64-fedora-clang | 5.0.0 | 279.30 | NOTE | |||
r-devel-linux-x86_64-fedora-gcc | 5.0.0 | 298.31 | NOTE | |||
r-devel-windows-x86_64 | 5.0.0 | 10.00 | 195.00 | 205.00 | OK | |
r-patched-linux-x86_64 | 5.0.0 | 7.20 | 155.86 | 163.06 | OK | |
r-release-linux-x86_64 | 5.0.0 | 7.80 | 156.66 | 164.46 | OK | |
r-release-macos-arm64 | 5.0.0 | 87.00 | OK | |||
r-release-macos-x86_64 | 5.0.0 | 132.00 | OK | |||
r-release-windows-x86_64 | 5.0.0 | 10.00 | 191.00 | 201.00 | OK | |
r-oldrel-macos-arm64 | 5.0.0 | 99.00 | OK | |||
r-oldrel-macos-x86_64 | 5.0.0 | 153.00 | OK | |||
r-oldrel-windows-x86_64 | 5.0.0 | 12.00 | 223.00 | 235.00 | OK |
Version: 5.0.0
Check: dependencies in R code
Result: NOTE
Namespaces in Imports field not imported from:
‘DescTools’ ‘MASS’ ‘gridExtra’
All declared Imports should be used.
Flavors: r-devel-linux-x86_64-fedora-clang, r-devel-linux-x86_64-fedora-gcc