CRAN Package Check Results for Package rtkore

Last updated on 2021-12-09 05:59:49 CET.

Flavor Version Tinstall Tcheck Ttotal Status Flags
r-devel-linux-x86_64-debian-clang 1.5.5 27.73 73.72 101.45 OK
r-devel-linux-x86_64-debian-gcc 1.5.5 23.53 59.22 82.75 OK
r-devel-linux-x86_64-fedora-clang 1.5.5 154.34 NOTE
r-devel-linux-x86_64-fedora-gcc 1.5.5 141.21 OK
r-devel-windows-x86_64-new-UL 1.5.5 54.00 264.00 318.00 NOTE
r-devel-windows-x86_64-new-TK 1.5.5 OK
r-devel-windows-x86_64-old 1.5.5 44.00 107.00 151.00 NOTE
r-patched-linux-x86_64 1.5.5 28.15 74.89 103.04 OK
r-release-linux-x86_64 1.5.5 28.74 74.14 102.88 OK
r-release-macos-arm64 1.5.5 NOTE
r-release-macos-x86_64 1.5.5 NOTE
r-release-windows-ix86+x86_64 1.5.5 65.00 153.00 218.00 NOTE
r-oldrel-macos-x86_64 1.5.5 NOTE
r-oldrel-windows-ix86+x86_64 1.5.5 83.00 156.00 239.00 NOTE

Check Details

Version: 1.5.5
Check: installed package size
Result: NOTE
     installed size is 5.8Mb
     sub-directories of 1Mb or more:
     doc 1.1Mb
     libs 1.6Mb
     projects 2.8Mb
Flavors: r-devel-linux-x86_64-fedora-clang, r-devel-windows-x86_64-new-UL, r-devel-windows-x86_64-old, r-release-macos-arm64, r-release-macos-x86_64, r-release-windows-ix86+x86_64, r-oldrel-macos-x86_64, r-oldrel-windows-ix86+x86_64