CRAN Package Check Results for Package rtrends

Last updated on 2024-05-23 06:58:03 CEST.

Flavor Version Tinstall Tcheck Ttotal Status Flags
r-devel-linux-x86_64-debian-clang 0.1.0 2.32 22.15 24.47 OK
r-devel-linux-x86_64-debian-gcc 0.1.0 1.28 17.63 18.91 OK
r-devel-linux-x86_64-fedora-clang 0.1.0 31.32 NOTE
r-devel-linux-x86_64-fedora-gcc 0.1.0 30.02 NOTE
r-devel-windows-x86_64 0.1.0 4.00 42.00 46.00 OK
r-patched-linux-x86_64 0.1.0 2.35 21.68 24.03 OK
r-release-linux-x86_64 0.1.0 1.29 22.08 23.37 OK
r-release-macos-arm64 0.1.0 15.00 OK
r-release-windows-x86_64 0.1.0 4.00 40.00 44.00 OK
r-oldrel-macos-arm64 0.1.0 17.00 OK
r-oldrel-macos-x86_64 0.1.0 20.00 OK
r-oldrel-windows-x86_64 0.1.0 4.00 40.00 44.00 OK

Check Details

Version: 0.1.0
Check: dependencies in R code
Result: NOTE Namespace in Imports field not imported from: ‘dplyr’ All declared Imports should be used. Flavors: r-devel-linux-x86_64-fedora-clang, r-devel-linux-x86_64-fedora-gcc