Last updated on 2025-06-23 06:50:35 CEST.
Flavor | Version | Tinstall | Tcheck | Ttotal | Status | Flags |
---|---|---|---|---|---|---|
r-devel-linux-x86_64-debian-clang | 0.8.0 | 617.28 | 344.49 | 961.77 | OK | |
r-devel-linux-x86_64-debian-gcc | 0.8.0 | 496.24 | 260.80 | 757.04 | OK | |
r-devel-linux-x86_64-fedora-clang | 0.8.0 | 1428.28 | OK | |||
r-devel-linux-x86_64-fedora-gcc | 0.8.0 | 1883.77 | OK | |||
r-devel-windows-x86_64 | 0.8.0 | 605.00 | 349.00 | 954.00 | OK | |
r-patched-linux-x86_64 | 0.8.0 | 686.21 | 378.82 | 1065.03 | OK | |
r-release-linux-x86_64 | 0.8.0 | 709.22 | 376.35 | 1085.57 | OK | |
r-release-macos-arm64 | 0.8.0 | 296.00 | OK | |||
r-release-macos-x86_64 | 0.8.0 | 531.00 | OK | |||
r-release-windows-x86_64 | 0.8.0 | 587.00 | 334.00 | 921.00 | OK | |
r-oldrel-macos-arm64 | 0.8.0 | 316.00 | NOTE | |||
r-oldrel-macos-x86_64 | 0.8.0 | 540.00 | NOTE | |||
r-oldrel-windows-x86_64 | 0.8.0 | 710.00 | 433.00 | 1143.00 | NOTE |
Version: 0.8.0
Check: package dependencies
Result: NOTE
Package suggested but not available for checking: ‘cmdstanr’
Flavors: r-oldrel-macos-arm64, r-oldrel-macos-x86_64, r-oldrel-windows-x86_64
Version: 0.8.0
Check: installed package size
Result: NOTE
installed size is 160.0Mb
sub-directories of 1Mb or more:
data 1.5Mb
libs 157.7Mb
Flavors: r-oldrel-macos-arm64, r-oldrel-macos-x86_64, r-oldrel-windows-x86_64
Version: 0.8.0
Check: for GNU extensions in Makefiles
Result: NOTE
GNU make is a SystemRequirements.
Flavors: r-oldrel-macos-arm64, r-oldrel-macos-x86_64, r-oldrel-windows-x86_64