Last updated on 2024-04-23 11:55:57 CEST.
Flavor | Version | Tinstall | Tcheck | Ttotal | Status | Flags |
---|---|---|---|---|---|---|
r-devel-linux-x86_64-debian-clang | 0.7.4 | 1823.33 | 209.07 | 2032.40 | NOTE | |
r-devel-linux-x86_64-debian-gcc | 0.7.4 | 1750.83 | 260.55 | 2011.38 | NOTE | |
r-devel-linux-x86_64-fedora-clang | 0.7.4 | 2500.19 | NOTE | |||
r-devel-linux-x86_64-fedora-gcc | 0.7.4 | 3674.44 | NOTE | |||
r-prerel-macos-arm64 | 0.7.4 | 586.00 | NOTE | |||
r-prerel-macos-x86_64 | 0.7.4 | 528.00 | NOTE | |||
r-prerel-windows-x86_64 | 0.7.4 | 1292.00 | 286.00 | 1578.00 | NOTE | |
r-patched-linux-x86_64 | 0.7.4 | 1423.52 | 337.78 | 1761.30 | NOTE | |
r-release-linux-x86_64 | 0.7.4 | 0.44 | 1.66 | 2.10 | ERROR | |
r-release-macos-arm64 | 0.7.4 | 598.00 | NOTE | |||
r-release-macos-x86_64 | 0.7.4 | 514.00 | NOTE | |||
r-release-windows-x86_64 | 0.7.4 | 1412.00 | 356.00 | 1768.00 | NOTE | |
r-oldrel-macos-arm64 | 0.7.4 | 555.00 | NOTE | |||
r-oldrel-windows-x86_64 | 0.7.4 | 1612.00 | 315.00 | 1927.00 | NOTE |
Version: 0.7.4
Check: package dependencies
Result: NOTE
Package suggested but not available for checking: ‘cmdstanr’
Flavors: r-devel-linux-x86_64-debian-clang, r-devel-linux-x86_64-debian-gcc, r-devel-linux-x86_64-fedora-clang, r-devel-linux-x86_64-fedora-gcc, r-prerel-macos-arm64, r-prerel-macos-x86_64, r-prerel-windows-x86_64, r-patched-linux-x86_64, r-release-macos-arm64, r-release-macos-x86_64, r-release-windows-x86_64, r-oldrel-macos-arm64, r-oldrel-windows-x86_64
Version: 0.7.4
Check: for GNU extensions in Makefiles
Result: NOTE
GNU make is a SystemRequirements.
Flavors: r-devel-linux-x86_64-debian-clang, r-devel-linux-x86_64-debian-gcc, r-devel-linux-x86_64-fedora-clang, r-devel-linux-x86_64-fedora-gcc, r-prerel-macos-arm64, r-prerel-macos-x86_64, r-prerel-windows-x86_64, r-patched-linux-x86_64, r-release-macos-arm64, r-release-macos-x86_64, r-release-windows-x86_64, r-oldrel-macos-arm64, r-oldrel-windows-x86_64
Version: 0.7.4
Check: installed package size
Result: NOTE
installed size is 16.4Mb
sub-directories of 1Mb or more:
data 1.5Mb
libs 13.9Mb
Flavors: r-devel-linux-x86_64-fedora-clang, r-prerel-macos-arm64, r-prerel-macos-x86_64, r-prerel-windows-x86_64, r-release-macos-arm64, r-release-macos-x86_64, r-release-windows-x86_64, r-oldrel-macos-arm64, r-oldrel-windows-x86_64
Version: 0.7.4
Check: Rd cross-references
Result: NOTE
Undeclared package ‘glmmrBase’ in Rd xrefs
Flavor: r-devel-linux-x86_64-fedora-clang
Version: 0.7.4
Check: package dependencies
Result: ERROR
Package required but not available: ‘glmmrBase’
Package suggested but not available for checking: ‘cmdstanr’
See section ‘The DESCRIPTION file’ in the ‘Writing R Extensions’
manual.
Flavor: r-release-linux-x86_64