Last updated on 2023-09-27 12:03:00 CEST.
Flavor | Version | Tinstall | Tcheck | Ttotal | Status | Flags |
---|---|---|---|---|---|---|
r-devel-linux-x86_64-debian-clang | 1.1.0 | 12.54 | 87.09 | 99.63 | NOTE | |
r-devel-linux-x86_64-debian-gcc | 1.1.0 | 8.66 | 64.59 | 73.25 | NOTE | |
r-devel-linux-x86_64-fedora-clang | 1.1.0 | 122.99 | NOTE | |||
r-devel-linux-x86_64-fedora-gcc | 1.1.0 | 141.97 | NOTE | |||
r-devel-windows-x86_64 | 1.1.0 | 11.00 | 95.00 | 106.00 | NOTE | |
r-patched-linux-x86_64 | 1.1.0 | 12.83 | 83.40 | 96.23 | OK | |
r-release-linux-x86_64 | 1.1.0 | 9.14 | 82.53 | 91.67 | OK | |
r-release-macos-arm64 | 1.1.0 | 44.00 | OK | |||
r-release-macos-x86_64 | 1.1.0 | 70.00 | OK | |||
r-release-windows-x86_64 | 1.1.0 | 14.00 | 112.00 | 126.00 | OK | |
r-oldrel-macos-arm64 | 1.1.0 | 38.00 | OK | |||
r-oldrel-macos-x86_64 | 1.1.0 | 53.00 | OK | |||
r-oldrel-windows-x86_64 | 1.1.0 | 14.00 | 98.00 | 112.00 | OK |
Version: 1.1.0
Check: Rd \usage sections
Result: NOTE
Documented arguments not in \usage in documentation object 'TWIT_paginate_max_id':
‘parse’
Functions with \usage entries need to have the appropriate \alias
entries, and all their arguments documented.
The \usage entries must correspond to syntactically valid R code.
See chapter ‘Writing R documentation files’ in the ‘Writing R
Extensions’ manual.
Flavors: r-devel-linux-x86_64-debian-clang, r-devel-linux-x86_64-debian-gcc, r-devel-linux-x86_64-fedora-clang, r-devel-linux-x86_64-fedora-gcc, r-devel-windows-x86_64