Last updated on 2024-04-24 18:52:51 CEST.
Flavor | Version | Tinstall | Tcheck | Ttotal | Status | Flags |
---|---|---|---|---|---|---|
r-devel-linux-x86_64-debian-clang | 2.1.0 | 7.33 | 56.79 | 64.12 | NOTE | |
r-devel-linux-x86_64-debian-gcc | 2.1.0 | 5.52 | 43.14 | 48.66 | NOTE | |
r-devel-linux-x86_64-fedora-clang | 2.1.0 | 83.79 | NOTE | |||
r-devel-linux-x86_64-fedora-gcc | 2.1.0 | 76.90 | NOTE | |||
r-devel-windows-x86_64 | 2.1.0 | 8.00 | 67.00 | 75.00 | NOTE | |
r-patched-linux-x86_64 | 2.1.0 | 5.37 | 53.71 | 59.08 | NOTE | |
r-release-linux-x86_64 | 2.1.0 | 4.01 | 55.49 | 59.50 | NOTE | |
r-release-macos-arm64 | 2.1.0 | 27.00 | NOTE | |||
r-release-windows-x86_64 | 2.1.0 | 8.00 | 66.00 | 74.00 | NOTE | |
r-oldrel-macos-arm64 | 2.1.0 | 26.00 | NOTE | |||
r-oldrel-macos-x86_64 | 2.1.0 | 40.00 | NOTE | |||
r-oldrel-windows-x86_64 | 2.1.0 | 9.00 | 71.00 | 80.00 | NOTE |
Version: 2.1.0
Check: LazyData
Result: NOTE
'LazyData' is specified without a 'data' directory
Flavors: r-devel-linux-x86_64-debian-clang, r-devel-linux-x86_64-debian-gcc, r-devel-linux-x86_64-fedora-clang, r-devel-linux-x86_64-fedora-gcc, r-devel-windows-x86_64, r-patched-linux-x86_64, r-release-linux-x86_64, r-release-macos-arm64, r-release-windows-x86_64, r-oldrel-macos-arm64, r-oldrel-macos-x86_64, r-oldrel-windows-x86_64