Last updated on 2024-04-19 11:57:00 CEST.
Flavor | Version | Tinstall | Tcheck | Ttotal | Status | Flags |
---|---|---|---|---|---|---|
r-devel-linux-x86_64-debian-clang | 0.3.4 | 121.05 | 208.42 | 329.47 | NOTE | |
r-devel-linux-x86_64-debian-gcc | 0.3.4 | NOTE | ||||
r-devel-linux-x86_64-fedora-clang | 0.3.4 | 446.78 | NOTE | |||
r-devel-linux-x86_64-fedora-gcc | 0.3.4 | 467.50 | NOTE | |||
r-prerel-macos-arm64 | 0.3.4 | 114.00 | NOTE | |||
r-prerel-macos-x86_64 | 0.3.4 | 215.00 | NOTE | |||
r-prerel-windows-x86_64 | 0.3.4 | 94.00 | 206.00 | 300.00 | NOTE | |
r-patched-linux-x86_64 | 0.3.4 | 114.13 | 210.16 | 324.29 | NOTE | |
r-release-linux-x86_64 | 0.3.4 | 71.57 | 210.35 | 281.92 | NOTE | |
r-release-macos-arm64 | 0.3.4 | 133.00 | NOTE | |||
r-release-macos-x86_64 | 0.3.4 | 220.00 | NOTE | |||
r-release-windows-x86_64 | 0.3.4 | 113.00 | 237.00 | 350.00 | NOTE | |
r-oldrel-macos-arm64 | 0.3.4 | 113.00 | NOTE | |||
r-oldrel-windows-x86_64 | 0.3.4 | 107.00 | 235.00 | 342.00 | NOTE |
Version: 0.3.4
Check: for GNU extensions in Makefiles
Result: NOTE
GNU make is a SystemRequirements.
Flavors: r-devel-linux-x86_64-debian-clang, r-devel-linux-x86_64-debian-gcc, r-devel-linux-x86_64-fedora-clang, r-devel-linux-x86_64-fedora-gcc, r-prerel-macos-arm64, r-prerel-macos-x86_64, r-prerel-windows-x86_64, r-patched-linux-x86_64, r-release-linux-x86_64, r-release-macos-arm64, r-release-macos-x86_64, r-release-windows-x86_64, r-oldrel-macos-arm64, r-oldrel-windows-x86_64