CRAN Package Check Results for Package rubias

Last updated on 2023-03-30 11:54:39 CEST.

Flavor Version Tinstall Tcheck Ttotal Status Flags
r-devel-linux-x86_64-debian-clang 0.3.3 106.32 221.81 328.13 NOTE
r-devel-linux-x86_64-debian-gcc 0.3.3 77.64 166.42 244.06 NOTE
r-devel-linux-x86_64-fedora-clang 0.3.3 438.44 NOTE
r-devel-linux-x86_64-fedora-gcc 0.3.3 442.93 NOTE
r-patched-linux-x86_64 0.3.3 78.79 224.63 303.42 NOTE
r-release-linux-x86_64 0.3.3 60.15 216.64 276.79 NOTE
r-release-macos-arm64 0.3.3 111.00 NOTE
r-release-macos-x86_64 0.3.3 199.00 NOTE
r-release-windows-x86_64 0.3.3 113.00 295.00 408.00 NOTE
r-oldrel-macos-arm64 0.3.3 100.00 NOTE
r-oldrel-macos-x86_64 0.3.3 150.00 NOTE
r-oldrel-windows-ix86+x86_64 0.3.3 268.00 315.00 583.00 NOTE

Check Details

Version: 0.3.3
Check: C++ specification
Result: NOTE
     Specified C++11: please drop specification unless essential
Flavors: r-devel-linux-x86_64-debian-clang, r-devel-linux-x86_64-debian-gcc, r-devel-linux-x86_64-fedora-clang, r-devel-linux-x86_64-fedora-gcc, r-patched-linux-x86_64

Version: 0.3.3
Check: for GNU extensions in Makefiles
Result: NOTE
    GNU make is a SystemRequirements.
Flavors: r-devel-linux-x86_64-debian-clang, r-devel-linux-x86_64-debian-gcc, r-devel-linux-x86_64-fedora-clang, r-devel-linux-x86_64-fedora-gcc, r-patched-linux-x86_64, r-release-linux-x86_64, r-release-macos-arm64, r-release-macos-x86_64, r-release-windows-x86_64, r-oldrel-macos-arm64, r-oldrel-macos-x86_64, r-oldrel-windows-ix86+x86_64

Version: 0.3.3
Check: installed package size
Result: NOTE
     installed size is 5.2Mb
     sub-directories of 1Mb or more:
     libs 3.5Mb
Flavor: r-oldrel-macos-arm64