Last updated on 2025-04-30 11:52:26 CEST.
Flavor | Version | Tinstall | Tcheck | Ttotal | Status | Flags |
---|---|---|---|---|---|---|
r-devel-linux-x86_64-debian-clang | 0.3.0 | 4.94 | 57.72 | 62.66 | NOTE | |
r-devel-linux-x86_64-debian-gcc | 0.3.0 | 3.34 | 42.23 | 45.57 | NOTE | |
r-devel-linux-x86_64-fedora-clang | 0.3.0 | 103.18 | NOTE | |||
r-devel-linux-x86_64-fedora-gcc | 0.3.0 | 107.00 | NOTE | |||
r-devel-windows-x86_64 | 0.3.0 | 8.00 | 85.00 | 93.00 | NOTE | |
r-patched-linux-x86_64 | 0.3.0 | 5.39 | 53.22 | 58.61 | NOTE | |
r-release-linux-x86_64 | 0.3.0 | 4.57 | 53.19 | 57.76 | NOTE | |
r-release-macos-arm64 | 0.3.0 | 41.00 | NOTE | |||
r-release-macos-x86_64 | 0.3.0 | 75.00 | NOTE | |||
r-release-windows-x86_64 | 0.3.0 | 7.00 | 78.00 | 85.00 | NOTE | |
r-oldrel-macos-arm64 | 0.3.0 | 38.00 | NOTE | |||
r-oldrel-macos-x86_64 | 0.3.0 | 99.00 | NOTE | |||
r-oldrel-windows-x86_64 | 0.3.0 | 8.00 | 88.00 | 96.00 | NOTE |
Version: 0.3.0
Check: Rd files
Result: NOTE
checkRd: (-1) rules.Rd:24: Lost braces; missing escapes or markup?
24 | \item Absent names are replaced with the 'rule__\\{ind\\}' where \\{ind\\} is the
| ^
checkRd: (-1) rules.Rd:24: Lost braces; missing escapes or markup?
24 | \item Absent names are replaced with the 'rule__\\{ind\\}' where \\{ind\\} is the
| ^
Flavors: r-devel-linux-x86_64-debian-clang, r-devel-linux-x86_64-debian-gcc, r-devel-linux-x86_64-fedora-clang, r-devel-linux-x86_64-fedora-gcc, r-devel-windows-x86_64, r-patched-linux-x86_64, r-release-linux-x86_64, r-release-macos-arm64, r-release-macos-x86_64, r-release-windows-x86_64, r-oldrel-macos-arm64, r-oldrel-macos-x86_64, r-oldrel-windows-x86_64