CRAN Package Check Results for Package rules

Last updated on 2021-07-27 11:51:18 CEST.

Flavor Version Tinstall Tcheck Ttotal Status Flags
r-devel-linux-x86_64-debian-clang 0.1.1 7.27 90.10 97.37 ERROR
r-devel-linux-x86_64-debian-gcc 0.1.1 5.87 69.99 75.86 ERROR
r-devel-linux-x86_64-fedora-clang 0.1.1 121.96 ERROR
r-devel-linux-x86_64-fedora-gcc 0.1.1 111.24 ERROR
r-devel-windows-x86_64 0.1.1 11.00 121.00 132.00 NOTE
r-devel-windows-x86_64-gcc10-UCRT 0.1.1 NOTE
r-patched-linux-x86_64 0.1.1 6.65 95.10 101.75 NOTE
r-patched-solaris-x86 0.1.1 174.80 NOTE
r-release-linux-x86_64 0.1.1 6.78 95.24 102.02 NOTE
r-release-macos-arm64 0.1.1 NOTE
r-release-macos-x86_64 0.1.1 NOTE
r-release-windows-ix86+x86_64 0.1.1 17.00 94.00 111.00 NOTE
r-oldrel-macos-x86_64 0.1.1 OK
r-oldrel-windows-ix86+x86_64 0.1.1 13.00 123.00 136.00 OK

Check Details

Version: 0.1.1
Check: package dependencies
Result: NOTE
    Package suggested but not available for checking: 'xrf'
Flavors: r-devel-linux-x86_64-debian-clang, r-devel-linux-x86_64-debian-gcc, r-devel-linux-x86_64-fedora-clang, r-devel-linux-x86_64-fedora-gcc

Version: 0.1.1
Check: LazyData
Result: NOTE
     'LazyData' is specified without a 'data' directory
Flavors: r-devel-linux-x86_64-debian-clang, r-devel-linux-x86_64-debian-gcc, r-devel-linux-x86_64-fedora-clang, r-devel-linux-x86_64-fedora-gcc, r-devel-windows-x86_64, r-devel-windows-x86_64-gcc10-UCRT, r-patched-linux-x86_64, r-patched-solaris-x86, r-release-linux-x86_64, r-release-macos-arm64, r-release-macos-x86_64, r-release-windows-ix86+x86_64

Version: 0.1.1
Check: examples
Result: ERROR
    Running examples in 'rules-Ex.R' failed
    The error most likely occurred in:
    
    > base::assign(".ptime", proc.time(), pos = "CheckExEnv")
    > ### Name: rule_fit
    > ### Title: General Interface for RuleFit Models
    > ### Aliases: rule_fit update.rule_fit
    >
    > ### ** Examples
    >
    > rule_fit()
    RuleFit Model Specification (unknown)
    
    Computational engine: xrf
    
    > # Parameters can be represented by a placeholder:
    > rule_fit(trees = 7)
    RuleFit Model Specification (unknown)
    
    Main Arguments:
     trees = 7
    
    Computational engine: xrf
    
    >
    > # ------------------------------------------------------------------------------
    >
    > set.seed(6907)
    > rule_fit_rules <-
    + rule_fit(trees = 3, penalty = 0.1) %>%
    + set_mode("classification") %>%
    + fit(Species ~ ., data = iris)
    Error: This engine requires some package installs: 'xrf'
    Backtrace:
     x
     1. +-`%>%`(...)
     2. +-generics::fit(., Species ~ ., data = iris)
     3. \-parsnip::fit.model_spec(., Species ~ ., data = iris)
     4. \-parsnip:::check_installs(object)
    Execution halted
Flavor: r-devel-linux-x86_64-debian-clang

Version: 0.1.1
Check: re-building of vignette outputs
Result: WARN
    Error(s) in re-building vignettes:
     ...
    --- re-building 'Cubist-and-RuleFit.Rmd' using rmarkdown
    Quitting from lines 189-197 (Cubist-and-RuleFit.Rmd)
    Error: processing vignette 'Cubist-and-RuleFit.Rmd' failed with diagnostics:
    This engine requires some package installs: 'xrf'
    --- failed re-building 'Cubist-and-RuleFit.Rmd'
    
    SUMMARY: processing the following file failed:
     'Cubist-and-RuleFit.Rmd'
    
    Error: Vignette re-building failed.
    Execution halted
Flavors: r-devel-linux-x86_64-debian-clang, r-devel-linux-x86_64-debian-gcc

Version: 0.1.1
Check: examples
Result: ERROR
    Running examples in ‘rules-Ex.R’ failed
    The error most likely occurred in:
    
    > base::assign(".ptime", proc.time(), pos = "CheckExEnv")
    > ### Name: rule_fit
    > ### Title: General Interface for RuleFit Models
    > ### Aliases: rule_fit update.rule_fit
    >
    > ### ** Examples
    >
    > rule_fit()
    RuleFit Model Specification (unknown)
    
    Computational engine: xrf
    
    > # Parameters can be represented by a placeholder:
    > rule_fit(trees = 7)
    RuleFit Model Specification (unknown)
    
    Main Arguments:
     trees = 7
    
    Computational engine: xrf
    
    >
    > # ------------------------------------------------------------------------------
    >
    > set.seed(6907)
    > rule_fit_rules <-
    + rule_fit(trees = 3, penalty = 0.1) %>%
    + set_mode("classification") %>%
    + fit(Species ~ ., data = iris)
    Error: This engine requires some package installs: 'xrf'
    Backtrace:
     █
     1. ├─`%>%`(...)
     2. ├─generics::fit(., Species ~ ., data = iris)
     3. └─parsnip::fit.model_spec(., Species ~ ., data = iris)
     4. └─parsnip:::check_installs(object)
    Execution halted
Flavor: r-devel-linux-x86_64-debian-gcc

Version: 0.1.1
Check: examples
Result: ERROR
    Running examples in ‘rules-Ex.R’ failed
    The error most likely occurred in:
    
    > ### Name: rule_fit
    > ### Title: General Interface for RuleFit Models
    > ### Aliases: rule_fit update.rule_fit
    >
    > ### ** Examples
    >
    > rule_fit()
    RuleFit Model Specification (unknown)
    
    Computational engine: xrf
    
    > # Parameters can be represented by a placeholder:
    > rule_fit(trees = 7)
    RuleFit Model Specification (unknown)
    
    Main Arguments:
     trees = 7
    
    Computational engine: xrf
    
    >
    > # ------------------------------------------------------------------------------
    >
    > set.seed(6907)
    > rule_fit_rules <-
    + rule_fit(trees = 3, penalty = 0.1) %>%
    + set_mode("classification") %>%
    + fit(Species ~ ., data = iris)
    Error: This engine requires some package installs: 'xrf'
    Backtrace:
     █
     1. ├─`%>%`(...)
     2. ├─generics::fit(., Species ~ ., data = iris)
     3. └─parsnip::fit.model_spec(., Species ~ ., data = iris)
     4. └─parsnip:::check_installs(object)
    Execution halted
Flavors: r-devel-linux-x86_64-fedora-clang, r-devel-linux-x86_64-fedora-gcc

Version: 0.1.1
Check: re-building of vignette outputs
Result: WARN
    Error(s) in re-building vignettes:
    --- re-building ‘Cubist-and-RuleFit.Rmd’ using rmarkdown
    Quitting from lines 189-197 (Cubist-and-RuleFit.Rmd)
    Error: processing vignette 'Cubist-and-RuleFit.Rmd' failed with diagnostics:
    This engine requires some package installs: 'xrf'
    --- failed re-building ‘Cubist-and-RuleFit.Rmd’
    
    SUMMARY: processing the following file failed:
     ‘Cubist-and-RuleFit.Rmd’
    
    Error: Vignette re-building failed.
    Execution halted
Flavors: r-devel-linux-x86_64-fedora-clang, r-devel-linux-x86_64-fedora-gcc