CRAN Package Check Results for Package ruv

Last updated on 2024-03-04 00:55:54 CET.

Flavor Version Tinstall Tcheck Ttotal Status Flags
r-devel-linux-x86_64-debian-clang 0.9.7.1 10.58 73.44 84.02 NOTE
r-devel-linux-x86_64-debian-gcc 0.9.7.1 8.75 55.16 63.91 NOTE
r-devel-linux-x86_64-fedora-clang 0.9.7.1 101.80 NOTE
r-devel-linux-x86_64-fedora-gcc 0.9.7.1 98.12 NOTE
r-devel-windows-x86_64 0.9.7.1 14.00 74.00 88.00 OK
r-patched-linux-x86_64 0.9.7.1 10.92 71.85 82.77 OK
r-release-linux-x86_64 0.9.7.1 11.24 71.61 82.85 OK
r-release-macos-arm64 0.9.7.1 31.00 OK
r-release-macos-x86_64 0.9.7.1 43.00 OK
r-release-windows-x86_64 0.9.7.1 17.00 85.00 102.00 OK
r-oldrel-macos-arm64 0.9.7.1 31.00 OK
r-oldrel-windows-x86_64 0.9.7.1 15.00 88.00 103.00 OK

Check Details

Version: 0.9.7.1
Check: Rd files
Result: NOTE checkRd: (-1) RUVIII.Rd:51: Lost braces 51 | If code{return.info} is \code{TRUE}, a list is returned that contains: | ^ Flavors: r-devel-linux-x86_64-debian-clang, r-devel-linux-x86_64-debian-gcc, r-devel-linux-x86_64-fedora-clang, r-devel-linux-x86_64-fedora-gcc