CRAN Package Check Results for Package rvcheck

Last updated on 2021-06-15 17:50:36 CEST.

Flavor Version Tinstall Tcheck Ttotal Status Flags
r-devel-linux-x86_64-debian-clang 0.1.8 2.25 24.26 26.51 NOTE
r-devel-linux-x86_64-debian-gcc 0.1.8 1.74 19.53 21.27 NOTE
r-devel-linux-x86_64-fedora-clang 0.1.8 41.71 NOTE
r-devel-linux-x86_64-fedora-gcc 0.1.8 30.86 NOTE
r-devel-windows-x86_64 0.1.8 4.00 42.00 46.00 NOTE
r-devel-windows-x86_64-gcc10-UCRT 0.1.8 NOTE
r-patched-linux-x86_64 0.1.8 1.99 23.70 25.69 NOTE
r-patched-solaris-x86 0.1.8 48.80 NOTE
r-release-linux-x86_64 0.1.8 2.20 23.68 25.88 NOTE
r-release-macos-arm64 0.1.8 NOTE
r-release-macos-x86_64 0.1.8 NOTE
r-release-windows-ix86+x86_64 0.1.8 5.00 33.00 38.00 NOTE
r-oldrel-macos-x86_64 0.1.8 OK
r-oldrel-windows-ix86+x86_64 0.1.8 4.00 44.00 48.00 OK

Check Details

Version: 0.1.8
Check: LazyData
Result: NOTE
     'LazyData' is specified without a 'data' directory
Flavors: r-devel-linux-x86_64-debian-clang, r-devel-linux-x86_64-debian-gcc, r-devel-linux-x86_64-fedora-clang, r-devel-linux-x86_64-fedora-gcc, r-devel-windows-x86_64, r-devel-windows-x86_64-gcc10-UCRT, r-patched-linux-x86_64, r-patched-solaris-x86, r-release-linux-x86_64, r-release-macos-arm64, r-release-macos-x86_64, r-release-windows-ix86+x86_64