CRAN Package Check Results for Package rwebstat

Last updated on 2021-01-22 05:50:40 CET.

Flavor Version Tinstall Tcheck Ttotal Status Flags
r-devel-linux-x86_64-debian-clang 1.1.0 4.29 45.54 49.83 OK
r-devel-linux-x86_64-debian-gcc 1.1.0 3.32 35.11 38.43 OK
r-devel-linux-x86_64-fedora-clang 1.1.0 70.22 NOTE
r-devel-linux-x86_64-fedora-gcc 1.1.0 58.60 NOTE
r-devel-windows-ix86+x86_64 1.1.0 11.00 44.00 55.00 OK
r-patched-linux-x86_64 1.1.0 4.57 42.44 47.01 OK
r-patched-solaris-x86 1.1.0 83.50 NOTE
r-release-linux-x86_64 1.1.0 4.50 42.75 47.25 OK
r-release-macos-x86_64 1.1.0 NOTE
r-release-windows-ix86+x86_64 1.1.0 23.00 65.00 88.00 OK
r-oldrel-macos-x86_64 1.1.0 NOTE
r-oldrel-windows-ix86+x86_64 1.1.0 7.00 46.00 53.00 OK

Check Details

Version: 1.1.0
Check: dependencies in R code
Result: NOTE
    Namespace in Imports field not imported from: ‘htmltools’
     All declared Imports should be used.
Flavors: r-devel-linux-x86_64-fedora-clang, r-devel-linux-x86_64-fedora-gcc, r-patched-solaris-x86, r-release-macos-x86_64, r-oldrel-macos-x86_64