CRAN Package Check Results for Package rwt

Last updated on 2019-07-16 05:48:31 CEST.

Flavor Version Tinstall Tcheck Ttotal Status Flags
r-devel-linux-x86_64-debian-clang 1.0.0 6.45 26.51 32.96 NOTE
r-devel-linux-x86_64-debian-gcc 1.0.0 3.12 21.46 24.58 NOTE
r-devel-linux-x86_64-fedora-clang 1.0.0 39.21 NOTE
r-devel-linux-x86_64-fedora-gcc 1.0.0 36.27 NOTE
r-devel-windows-ix86+x86_64 1.0.0 17.00 47.00 64.00 NOTE
r-patched-linux-x86_64 1.0.0 4.15 26.53 30.68 NOTE
r-patched-solaris-x86 1.0.0 60.60 NOTE
r-release-linux-x86_64 1.0.0 4.54 26.58 31.12 NOTE
r-release-windows-ix86+x86_64 1.0.0 17.00 67.00 84.00 NOTE
r-release-osx-x86_64 1.0.0 NOTE
r-oldrel-windows-ix86+x86_64 1.0.0 15.00 45.00 60.00 NOTE
r-oldrel-osx-x86_64 1.0.0 NOTE

Additional issues

rchk

Check Details

Version: 1.0.0
Check: R code for possible problems
Result: NOTE
    .dwt: no visible global function definition for 'median'
    .udwt: no visible global function definition for 'median'
    plotSignalTransformation: no visible global function definition for
     'plot'
    plotSignalTransformation: no visible global function definition for
     'box'
    plotSignalTransformation: no visible global function definition for
     'axis'
    plotSignalTransformation: no visible global function definition for
     'lines'
    plotSignalTransformation: no visible global function definition for
     'legend'
    Undefined global functions or variables:
     axis box legend lines median plot
    Consider adding
     importFrom("graphics", "axis", "box", "legend", "lines", "plot")
     importFrom("stats", "median")
    to your NAMESPACE file.
Flavors: r-devel-linux-x86_64-debian-clang, r-devel-linux-x86_64-debian-gcc, r-devel-linux-x86_64-fedora-clang, r-devel-linux-x86_64-fedora-gcc, r-devel-windows-ix86+x86_64, r-patched-linux-x86_64, r-patched-solaris-x86, r-release-linux-x86_64, r-release-windows-ix86+x86_64, r-release-osx-x86_64, r-oldrel-windows-ix86+x86_64, r-oldrel-osx-x86_64