Last updated on 2023-12-11 05:52:07 CET.
Flavor | Version | Tinstall | Tcheck | Ttotal | Status | Flags |
---|---|---|---|---|---|---|
r-devel-linux-x86_64-debian-clang | 2.0.11 | 107.05 | 39.94 | 146.99 | WARN | |
r-devel-linux-x86_64-debian-gcc | 2.0.11 | 73.35 | 30.49 | 103.84 | WARN | |
r-devel-linux-x86_64-fedora-clang | 2.0.11 | 203.65 | WARN | |||
r-devel-linux-x86_64-fedora-gcc | 2.0.11 | 223.81 | WARN | |||
r-devel-windows-x86_64 | 2.0.11 | 90.00 | 82.00 | 172.00 | WARN | |
r-patched-linux-x86_64 | 2.0.11 | 94.60 | 38.75 | 133.35 | OK | |
r-release-linux-x86_64 | 2.0.11 | 89.82 | 39.25 | 129.07 | OK | |
r-release-macos-arm64 | 2.0.11 | 54.00 | NOTE | |||
r-release-macos-x86_64 | 2.0.11 | 89.00 | NOTE | |||
r-release-windows-x86_64 | 2.0.11 | 109.00 | 90.00 | 199.00 | OK | |
r-oldrel-macos-arm64 | 2.0.11 | 55.00 | NOTE | |||
r-oldrel-macos-x86_64 | 2.0.11 | 69.00 | NOTE | |||
r-oldrel-windows-x86_64 | 2.0.11 | 93.00 | 83.00 | 176.00 | OK |
Version: 2.0.11
Check: whether package can be installed
Result: WARN
Found the following significant warnings:
checkmate_stub.c:44:78: warning: format specifies type 'int' but the argument has type 'R_xlen_t' (aka 'long') [-Wformat]
checkmate_stub.c:50:89: warning: format specifies type 'int' but the argument has type 'R_xlen_t' (aka 'long') [-Wformat]
checkmate_stub.c:60:89: warning: format specifies type 'int' but the argument has type 'R_xlen_t' (aka 'long') [-Wformat]
checkmate_stub.c:65:129: warning: format specifies type 'int' but the argument has type 'R_xlen_t' (aka 'long') [-Wformat]
See ‘/home/hornik/tmp/R.check/r-devel-clang/Work/PKGS/rxode2random.Rcheck/00install.out’ for details.
* used C compiler: ‘Debian clang version 17.0.5 (1)’
* used C++ compiler: ‘Debian clang version 17.0.5 (1)’
Flavor: r-devel-linux-x86_64-debian-clang
Version: 2.0.11
Check: Rd files
Result: NOTE
checkRd: (-1) cvPost.Rd:33: Lost braces
33 | the Cholesky decomposition. This is only used when code{type="invWishart"}}
| ^
checkRd: (-1) cvPost.Rd:36: Lost braces
36 | covariance matrix sample. This is only used when code{type="invWishart"}}
| ^
checkRd: (-1) invWR1d.Rd:15: Lost braces
15 | the Cholesky decomposition. This is only used when code{type="invWishart"}}
| ^
Flavors: r-devel-linux-x86_64-debian-clang, r-devel-linux-x86_64-debian-gcc
Version: 2.0.11
Check: whether package can be installed
Result: WARN
Found the following significant warnings:
checkmate_stub.c:44:68: warning: format ‘%i’ expects argument of type ‘int’, but argument 4 has type ‘R_xlen_t’ {aka ‘long int’} [-Wformat=]
checkmate_stub.c:50:65: warning: format ‘%i’ expects argument of type ‘int’, but argument 4 has type ‘R_xlen_t’ {aka ‘long int’} [-Wformat=]
checkmate_stub.c:60:65: warning: format ‘%i’ expects argument of type ‘int’, but argument 4 has type ‘R_xlen_t’ {aka ‘long int’} [-Wformat=]
checkmate_stub.c:65:103: warning: format ‘%i’ expects argument of type ‘int’, but argument 4 has type ‘R_xlen_t’ {aka ‘long int’} [-Wformat=]
See ‘/home/hornik/tmp/R.check/r-devel-gcc/Work/PKGS/rxode2random.Rcheck/00install.out’ for details.
* used C compiler: ‘gcc-13 (Debian 13.2.0-7) 13.2.0’
* used C++ compiler: ‘g++-13 (Debian 13.2.0-7) 13.2.0’
Flavor: r-devel-linux-x86_64-debian-gcc
Version: 2.0.11
Check: whether package can be installed
Result: WARN
Found the following significant warnings:
checkmate_stub.c:44:78: warning: format specifies type 'int' but the argument has type 'R_xlen_t' (aka 'long') [-Wformat]
checkmate_stub.c:50:89: warning: format specifies type 'int' but the argument has type 'R_xlen_t' (aka 'long') [-Wformat]
checkmate_stub.c:60:89: warning: format specifies type 'int' but the argument has type 'R_xlen_t' (aka 'long') [-Wformat]
checkmate_stub.c:65:129: warning: format specifies type 'int' but the argument has type 'R_xlen_t' (aka 'long') [-Wformat]
See ‘/data/gannet/ripley/R/packages/tests-clang/rxode2random.Rcheck/00install.out’ for details.
* used C compiler: ‘clang version 17.0.5’
* used C++ compiler: ‘clang version 17.0.5’
Flavor: r-devel-linux-x86_64-fedora-clang
Version: 2.0.11
Check: whether package can be installed
Result: WARN
Found the following significant warnings:
checkmate_stub.c:44:68: warning: format '%i' expects argument of type 'int', but argument 4 has type 'R_xlen_t' {aka 'long int'} [-Wformat=]
checkmate_stub.c:50:65: warning: format '%i' expects argument of type 'int', but argument 4 has type 'R_xlen_t' {aka 'long int'} [-Wformat=]
checkmate_stub.c:60:65: warning: format '%i' expects argument of type 'int', but argument 4 has type 'R_xlen_t' {aka 'long int'} [-Wformat=]
checkmate_stub.c:65:103: warning: format '%i' expects argument of type 'int', but argument 4 has type 'R_xlen_t' {aka 'long int'} [-Wformat=]
See ‘/data/gannet/ripley/R/packages/tests-devel/rxode2random.Rcheck/00install.out’ for details.
* used C compiler: ‘gcc-13 (GCC) 13.2.0’
* used C++ compiler: ‘g++-13 (GCC) 13.2.0’
Flavor: r-devel-linux-x86_64-fedora-gcc
Version: 2.0.11
Check: whether package can be installed
Result: WARN
Found the following significant warnings:
checkmate_stub.c:44:68: warning: format '%i' expects argument of type 'int', but argument 4 has type 'R_xlen_t' {aka 'long long int'} [-Wformat=]
checkmate_stub.c:50:65: warning: format '%i' expects argument of type 'int', but argument 4 has type 'R_xlen_t' {aka 'long long int'} [-Wformat=]
checkmate_stub.c:60:65: warning: format '%i' expects argument of type 'int', but argument 4 has type 'R_xlen_t' {aka 'long long int'} [-Wformat=]
checkmate_stub.c:65:103: warning: format '%i' expects argument of type 'int', but argument 4 has type 'R_xlen_t' {aka 'long long int'} [-Wformat=]
See 'd:/Rcompile/CRANpkg/local/4.4/rxode2random.Rcheck/00install.out' for details.
* used C compiler: 'gcc.exe (GCC) 12.3.0'
* used C++ compiler: 'g++.exe (GCC) 12.3.0'
Flavor: r-devel-windows-x86_64
Version: 2.0.11
Check: installed package size
Result: NOTE
installed size is 6.8Mb
sub-directories of 1Mb or more:
libs 6.6Mb
Flavors: r-release-macos-arm64, r-release-macos-x86_64, r-oldrel-macos-arm64, r-oldrel-macos-x86_64