CRAN Package Check Results for Package rzmq

Last updated on 2020-08-05 11:47:50 CEST.

Flavor Version Tinstall Tcheck Ttotal Status Flags
r-devel-linux-x86_64-debian-clang 0.9.7 4.86 19.76 24.62 OK
r-devel-linux-x86_64-debian-gcc 0.9.7 3.56 15.60 19.16 OK
r-devel-linux-x86_64-fedora-clang 0.9.7 40.15 OK
r-devel-linux-x86_64-fedora-gcc 0.9.7 29.87 OK
r-devel-windows-ix86+x86_64 0.9.7 24.00 49.00 73.00 OK
r-patched-linux-x86_64 0.9.7 4.11 19.97 24.08 OK
r-patched-solaris-x86 0.9.7 40.10 OK
r-release-linux-x86_64 0.9.7 4.36 19.96 24.32 OK
r-release-macos-x86_64 0.9.7 NOTE
r-release-windows-ix86+x86_64 0.9.7 23.00 65.00 88.00 OK
r-oldrel-macos-x86_64 0.9.7 OK
r-oldrel-windows-ix86+x86_64 0.9.7 22.00 47.00 69.00 OK

Check Details

Version: 0.9.7
Check: installed package size
Result: NOTE
     installed size is 10.7Mb
     sub-directories of 1Mb or more:
     libs 10.6Mb
Flavor: r-release-macos-x86_64