Last updated on 2023-03-22 11:54:48 CET.
Flavor | Version | Tinstall | Tcheck | Ttotal | Status | Flags |
---|---|---|---|---|---|---|
r-devel-linux-x86_64-debian-clang | 1.1.2 | 653.86 | 82.49 | 736.35 | NOTE | |
r-devel-linux-x86_64-debian-gcc | 1.1.2 | 596.41 | 55.11 | 651.52 | NOTE | |
r-devel-linux-x86_64-fedora-clang | 1.1.2 | 1358.09 | NOTE | |||
r-devel-linux-x86_64-fedora-gcc | 1.1.2 | 1091.66 | NOTE | |||
r-patched-linux-x86_64 | 1.1.2 | 583.41 | 68.75 | 652.16 | OK | |
r-release-linux-x86_64 | 1.1.2 | 592.40 | 68.33 | 660.73 | OK | |
r-release-macos-arm64 | 1.1.2 | 211.00 | NOTE | |||
r-release-macos-x86_64 | 1.1.2 | 298.00 | NOTE | |||
r-release-windows-x86_64 | 1.1.2 | 780.00 | 179.00 | 959.00 | NOTE | |
r-oldrel-macos-arm64 | 1.1.2 | 165.00 | NOTE | |||
r-oldrel-macos-x86_64 | 1.1.2 | 300.00 | NOTE | |||
r-oldrel-windows-ix86+x86_64 | 1.1.2 | 1631.00 | 232.00 | 1863.00 | NOTE |
Version: 1.1.2
Check: C++ specification
Result: NOTE
Specified C++11: please drop specification unless essential
Flavors: r-devel-linux-x86_64-debian-clang, r-devel-linux-x86_64-debian-gcc, r-devel-linux-x86_64-fedora-clang, r-devel-linux-x86_64-fedora-gcc
Version: 1.1.2
Check: Rd cross-references
Result: NOTE
Undeclared package ‘sf’ in Rd xrefs
Flavor: r-devel-linux-x86_64-fedora-clang
Version: 1.1.2
Check: installed package size
Result: NOTE
installed size is 37.9Mb
sub-directories of 1Mb or more:
libs 36.8Mb
Flavors: r-release-macos-arm64, r-release-macos-x86_64, r-release-windows-x86_64, r-oldrel-macos-arm64, r-oldrel-macos-x86_64, r-oldrel-windows-ix86+x86_64